{"id":900,"date":"2019-10-14T11:46:08","date_gmt":"2019-10-14T09:46:08","guid":{"rendered":"https:\/\/www.parthages.be\/wordpress\/produit\/dinosaures\/"},"modified":"2022-02-18T10:35:03","modified_gmt":"2022-02-18T09:35:03","slug":"dinosaures","status":"publish","type":"product","link":"https:\/\/www.parthages.be\/eboutique\/produit\/dinosaures\/","title":{"rendered":"Dinosaures"},"content":{"rendered":"<p>Les dinosaures\u2026 quelles dr\u00f4les de cr\u00e9atures ! Dans ce livre adapt\u00e9, un pal\u00e9ontologue et une sp\u00e9cialiste des troubles DYS r\u00e9pondent \u00e0 la curiosit\u00e9 de tous les enfants sur ces \u00ab terribles l\u00e9zards \u00bb. R\u00e9alis\u00e9 en partenariat avec la F\u00e9d\u00e9ration Fran\u00e7aise des DYS, cet ouvrage r\u00e9pond parfaitement aux besoins des enfants DYS ou en difficult\u00e9s d\u2019apprentissage. Tous les crit\u00e8res sont r\u00e9unis pour permettre une d\u00e9couverte sereine du sujet par tous les enfants : police de caract\u00e8res adapt\u00e9e (OpenDyslexic), mise page a\u00e9r\u00e9e, fond beige et encadrement de la double page par des filets de couleur balisant l\u2019environnement de lecture, des rep\u00e8res chronologiques syst\u00e9matiques. (Pr\u00e9sentation de l&rsquo;\u00e9diteur)<\/p>\n<p>CARO F.<\/p>\n<p>Fleurus DOCU DYS<\/p>\n<p>2019-48p.- 13\u20ac<\/p>\n<p>438 gr<\/p>\n<p>ISBN\u00a0: 978-2-215-1347818<\/p>\n<p>Cote doc\u00a0: 11-AMI-D<\/p>\n<span class=\"et_bloom_bottom_trigger\"><\/span>","protected":false},"excerpt":{"rendered":"<p>Les dinosaures\u2026 quelles dr\u00f4les de cr\u00e9atures ! Dans ce livre adapt\u00e9, un pal\u00e9ontologue et une sp\u00e9cialiste des troubles DYS r\u00e9pondent \u00e0 la curiosit\u00e9 de tous les enfants sur ces \u00ab terribles l\u00e9zards \u00bb.<\/p>\n","protected":false},"featured_media":899,"comment_status":"open","ping_status":"closed","template":"","meta":{"_et_pb_use_builder":"","_et_pb_old_content":"","_et_gb_content_width":"","spay_email":""},"class_list":["post-900","product","type-product","status-publish","has-post-thumbnail","hentry","product_cat-livres","product_cat-livres-jeunesse","product_tag-adolescent","product_tag-difficulte-dapprentissage","product_tag-difficulte-scolaire","product_tag-dyslexie","product_tag-enfant","product_tag-outil","product_tag-personne-handicapee"],"jetpack_sharing_enabled":true,"jetpack_likes_enabled":true,"_links":{"self":[{"href":"https:\/\/www.parthages.be\/eboutique\/wp-json\/wp\/v2\/product\/900","targetHints":{"allow":["GET"]}}],"collection":[{"href":"https:\/\/www.parthages.be\/eboutique\/wp-json\/wp\/v2\/product"}],"about":[{"href":"https:\/\/www.parthages.be\/eboutique\/wp-json\/wp\/v2\/types\/product"}],"replies":[{"embeddable":true,"href":"https:\/\/www.parthages.be\/eboutique\/wp-json\/wp\/v2\/comments?post=900"}],"wp:featuredmedia":[{"embeddable":true,"href":"https:\/\/www.parthages.be\/eboutique\/wp-json\/wp\/v2\/media\/899"}],"wp:attachment":[{"href":"https:\/\/www.parthages.be\/eboutique\/wp-json\/wp\/v2\/media?parent=900"}],"curies":[{"name":"wp","href":"https:\/\/api.w.org\/{rel}","templated":true}]}}