{"id":902,"date":"2019-10-14T11:49:59","date_gmt":"2019-10-14T09:49:59","guid":{"rendered":"https:\/\/www.parthages.be\/wordpress\/produit\/j-ai-vaincu-la-tetraplegie\/"},"modified":"2019-10-14T11:49:59","modified_gmt":"2019-10-14T09:49:59","slug":"j-ai-vaincu-la-tetraplegie","status":"publish","type":"product","link":"https:\/\/www.parthages.be\/eboutique\/produit\/j-ai-vaincu-la-tetraplegie\/","title":{"rendered":"J&rsquo;ai vaincu la t\u00e9trapl\u00e9gie"},"content":{"rendered":"<p>Le 23 juillet 1984, Marc-Olivier Perotti, dit Marcol, et son ami d\u2019enfance Fran\u00e7ois sont en vacances pr\u00e8s de Bordeaux. Impossible de r\u00e9sister aux eaux fra\u00eeches de l\u2019Atlantique. Fran\u00e7ois plonge le premier et revient aussit\u00f4t \u00e0 la surface. Marcol le suit mais sa t\u00eate heurte violemment une dune de sable immerg\u00e9e. Une de ses vert\u00e8bres cervicales explose. La moelle \u00e9pini\u00e8re est endommag\u00e9e. Instantan\u00e9ment, il perd l\u2019usage de ses bras et de ses jambes. Le voil\u00e0 fig\u00e9, le visage baignant dans l\u2019eau sal\u00e9e. Il va se noyer. Cependant, une succession d\u2019incroyables co\u00efncidences va venir contrecarrer ce tragique destin. Comment \u00e9chappe-t-il \u00e0 la mort? Comment va-t-il recouvrer peu \u00e0 peu la mobilit\u00e9 de ses membres? Quels r\u00f4les vont jouer Fran\u00e7ois, son m\u00e9decin de famille, l\u2019\u00e9quipe chirurgicale bordelaise et tous ceux qui l\u2019ont aid\u00e9 \u00e0 mettre le cap sur l\u2019espoir? M\u00eame lorsqu\u2019il \u00e9tait riv\u00e9 \u00e0 son lit d\u2019h\u00f4pital, avec pour seul horizon le plafond de sa chambre, Marcol a toujours gard\u00e9 une incommensurable force de vie. Son histoire nous interpelle tous quelque part et nous rappelle que rien n\u2019est impossible.<\/p>\n<p>En fin de livre, d\u00e9couvrez la r\u00e9\u00e9dition exclusive du r\u00e9cit illustr\u00e9 fa\u00e7on BD par le dessinateur Exem.(Pr\u00e9sentation de l&rsquo;\u00e9diteur)<\/p>\n<p>PEROTTI M-O<\/p>\n<p>Editions Favre<\/p>\n<p>2018-176p.-17\u20ac<\/p>\n<p>260gr<\/p>\n<p>ISBN\u00a0: 978-2-8289-1745-6<\/p>\n<span class=\"et_bloom_bottom_trigger\"><\/span>","protected":false},"excerpt":{"rendered":"<p>Le 23 juillet 1984, Marc-Olivier Perotti, dit Marcol, et son ami d\u2019enfance Fran\u00e7ois sont en vacances pr\u00e8s de Bordeaux. Impossible de r\u00e9sister aux eaux fra\u00eeches de l\u2019Atlantique.<\/p>\n","protected":false},"featured_media":901,"comment_status":"open","ping_status":"closed","template":"","meta":{"_et_pb_use_builder":"","_et_pb_old_content":"","_et_gb_content_width":"","spay_email":""},"class_list":["post-902","product","type-product","status-publish","has-post-thumbnail","hentry","product_cat-livres","product_tag-acceptation","product_tag-accident","product_tag-defi","product_tag-personne-handicapee","product_tag-recit-de-vie","product_tag-relation-soignant-soigne","product_tag-temoignage","product_tag-tetraplegie"],"jetpack_sharing_enabled":true,"jetpack_likes_enabled":true,"_links":{"self":[{"href":"https:\/\/www.parthages.be\/eboutique\/wp-json\/wp\/v2\/product\/902","targetHints":{"allow":["GET"]}}],"collection":[{"href":"https:\/\/www.parthages.be\/eboutique\/wp-json\/wp\/v2\/product"}],"about":[{"href":"https:\/\/www.parthages.be\/eboutique\/wp-json\/wp\/v2\/types\/product"}],"replies":[{"embeddable":true,"href":"https:\/\/www.parthages.be\/eboutique\/wp-json\/wp\/v2\/comments?post=902"}],"wp:featuredmedia":[{"embeddable":true,"href":"https:\/\/www.parthages.be\/eboutique\/wp-json\/wp\/v2\/media\/901"}],"wp:attachment":[{"href":"https:\/\/www.parthages.be\/eboutique\/wp-json\/wp\/v2\/media?parent=902"}],"curies":[{"name":"wp","href":"https:\/\/api.w.org\/{rel}","templated":true}]}}

J&rsquo;ai vaincu la tétraplégie

<p>Le 23 juillet 1984, Marc-Olivier Perotti, dit Marcol, et son ami d’enfance François sont en vacances près de Bordeaux. Impossible de résister aux eaux fraîches de l’Atlantique. François plonge le premier et revient aussitôt à la surface. Marcol le suit mais sa tête heurte violemment une dune de sable immergée. Une de ses vertèbres cervicales explose. La moelle épinière est endommagée. Instantanément, il perd l’usage de ses bras et de ses jambes. Le voilà figé, le visage baignant dans l’eau salée. Il va se noyer. Cependant, une succession d’incroyables coïncidences va venir contrecarrer ce tragique destin. Comment échappe-t-il à la mort? Comment va-t-il recouvrer peu à peu la mobilité de ses membres? Quels rôles vont jouer François, son médecin de famille, l’équipe chirurgicale bordelaise et tous ceux qui l’ont aidé à mettre le cap sur l’espoir? Même lorsqu’il était rivé à son lit d’hôpital, avec pour seul horizon le plafond de sa chambre, Marcol a toujours gardé une incommensurable force de vie. Son histoire nous interpelle tous quelque part et nous rappelle que rien n’est impossible.</p>
<p>En fin de livre, découvrez la réédition exclusive du récit illustré façon BD par le dessinateur Exem.(Présentation de l&rsquo;éditeur)</p>
<p>PEROTTI M-O</p>
<p>Editions Favre</p>
<p>2018-176p.-17€</p>
<p>260gr</p>
<p>ISBN : 978-2-8289-1745-6</p>
<span class="et_bloom_bottom_trigger"></span>

<p>Le 23 juillet 1984, Marc-Olivier Perotti, dit Marcol, et son ami d’enfance François sont en vacances près de Bordeaux. Impossible de résister aux eaux fraîches de l’Atlantique.</p>
