{"id":910,"date":"2019-10-14T12:00:58","date_gmt":"2019-10-14T10:00:58","guid":{"rendered":"https:\/\/www.parthages.be\/wordpress\/produit\/excellence-corporelle-et-handicap\/"},"modified":"2021-09-20T11:24:52","modified_gmt":"2021-09-20T09:24:52","slug":"excellence-corporelle-et-handicap","status":"publish","type":"product","link":"https:\/\/www.parthages.be\/eboutique\/produit\/excellence-corporelle-et-handicap\/","title":{"rendered":"Excellence corporelle et handicap"},"content":{"rendered":"<p>Cet ouvrage invite \u00e0 d\u00e9couvrir comment deux activit\u00e9s physiques, la boxe en France et la capoeira au Br\u00e9sil, int\u00e8grent et sont int\u00e9gr\u00e9es aux enjeux et dimensions propres aux nouvelles probl\u00e9matiques du handicap. Depuis 20 ans, d\u00e9bats internationaux et politiques sociales ont fini par promouvoir la notion d\u2019inclusion. Cette nouvelle vision ne vient pas seulement modifier le traitement social du handicap. Elle vient \u00e9galement interroger en profondeur le rapport \u00e0 l\u2019\u00e9ducation de l\u2019ensemble des acteurs sociaux.<\/p>\n<p>En ce sens, capoeira et boxe, mondes sociaux l\u00e9gitim\u00e9s par leur dimension \u00e9ducative, auraient un r\u00f4le \u00e0 jouer aupr\u00e8s des personnes handicap\u00e9es. Tant en France qu\u2019au Br\u00e9sil, dans cet ouvrage, nous \u00e9tudions comment ces deux mondes tissent des liens avec les associations de personnes handicap\u00e9es et les gouvernants locaux, afin de r\u00e9aliser l\u2019inclusion, de changer les mentalit\u00e9s autour du handicap et d\u2019occuper une place particuli\u00e8re ou nouvelle dans l\u2019espace des pratiques corporelles.<\/p>\n<p>In fine, le lecteur d\u00e9couvrira comment des acteurs sociaux que nous pourrions imaginer \u00e9loign\u00e9s de ces questions, mais en r\u00e9alit\u00e9 proches, parviennent \u00e0 agencer, \u00e0 partir de leurs propres valeurs, excellence et inclusion. Le lecteur d\u00e9couvrira \u00e9galement comment des personnes handicap\u00e9es parviennent \u00e0 s\u2019ins\u00e9rer durablement dans des milieux sociaux o\u00f9 les normes corporelles, relationnelles et comportementales tendraient a priori \u00e0 faire penser \u00e0 l\u2019impossibilit\u00e9 de cette insertion. (Pr\u00e9sentation de l&rsquo;auteur)<\/p>\n<p>MEZIANI M.<\/p>\n<p>Editions de l&rsquo;INSHEA<\/p>\n<p>2015-498p.-20\u20ac<\/p>\n<p>680 gr<\/p>\n<p>ISBN\u00a0: 978-2-36616-023-9<\/p>\n<p>Cote doc: 4-70-MEZ-E<\/p>\n<span class=\"et_bloom_bottom_trigger\"><\/span>","protected":false},"excerpt":{"rendered":"<p>Cet ouvrage invite \u00e0 d\u00e9couvrir comment deux activit\u00e9s physiques, la boxe en France et la capoeira au Br\u00e9sil, int\u00e8grent et sont int\u00e9gr\u00e9es aux enjeux et dimensions propres aux nouvelles probl\u00e9matiques du handicap.<\/p>\n","protected":false},"featured_media":909,"comment_status":"open","ping_status":"closed","template":"","meta":{"_et_pb_use_builder":"","_et_pb_old_content":"","_et_gb_content_width":"","spay_email":""},"class_list":["post-910","product","type-product","status-publish","has-post-thumbnail","hentry","product_cat-livres","product_tag-activite-physique","product_tag-bresil","product_tag-france","product_tag-inclusion","product_tag-milieu-social","product_tag-personne-handicapee","product_tag-sport"],"jetpack_sharing_enabled":true,"jetpack_likes_enabled":true,"_links":{"self":[{"href":"https:\/\/www.parthages.be\/eboutique\/wp-json\/wp\/v2\/product\/910","targetHints":{"allow":["GET"]}}],"collection":[{"href":"https:\/\/www.parthages.be\/eboutique\/wp-json\/wp\/v2\/product"}],"about":[{"href":"https:\/\/www.parthages.be\/eboutique\/wp-json\/wp\/v2\/types\/product"}],"replies":[{"embeddable":true,"href":"https:\/\/www.parthages.be\/eboutique\/wp-json\/wp\/v2\/comments?post=910"}],"wp:featuredmedia":[{"embeddable":true,"href":"https:\/\/www.parthages.be\/eboutique\/wp-json\/wp\/v2\/media\/909"}],"wp:attachment":[{"href":"https:\/\/www.parthages.be\/eboutique\/wp-json\/wp\/v2\/media?parent=910"}],"curies":[{"name":"wp","href":"https:\/\/api.w.org\/{rel}","templated":true}]}}

<p>Cet ouvrage invite à découvrir comment deux activités physiques, la boxe en France et la capoeira au Brésil, intègrent et sont intégrées aux enjeux et dimensions propres aux nouvelles problématiques du handicap. Depuis 20 ans, débats internationaux et politiques sociales ont fini par promouvoir la notion d’inclusion. Cette nouvelle vision ne vient pas seulement modifier le traitement social du handicap. Elle vient également interroger en profondeur le rapport à l’éducation de l’ensemble des acteurs sociaux.</p>
<p>En ce sens, capoeira et boxe, mondes sociaux légitimés par leur dimension éducative, auraient un rôle à jouer auprès des personnes handicapées. Tant en France qu’au Brésil, dans cet ouvrage, nous étudions comment ces deux mondes tissent des liens avec les associations de personnes handicapées et les gouvernants locaux, afin de réaliser l’inclusion, de changer les mentalités autour du handicap et d’occuper une place particulière ou nouvelle dans l’espace des pratiques corporelles.</p>
<p>In fine, le lecteur découvrira comment des acteurs sociaux que nous pourrions imaginer éloignés de ces questions, mais en réalité proches, parviennent à agencer, à partir de leurs propres valeurs, excellence et inclusion. Le lecteur découvrira également comment des personnes handicapées parviennent à s’insérer durablement dans des milieux sociaux où les normes corporelles, relationnelles et comportementales tendraient a priori à faire penser à l’impossibilité de cette insertion. (Présentation de l&rsquo;auteur)</p>
<p>MEZIANI M.</p>
<p>Editions de l&rsquo;INSHEA</p>
<p>2015-498p.-20€</p>
<p>680 gr</p>
<p>ISBN : 978-2-36616-023-9</p>
<p>Cote doc: 4-70-MEZ-E</p>
<span class="et_bloom_bottom_trigger"></span>

<p>Cet ouvrage invite à découvrir comment deux activités physiques, la boxe en France et la capoeira au Brésil, intègrent et sont intégrées aux enjeux et dimensions propres aux nouvelles problématiques du handicap.</p>
