{"id":912,"date":"2019-10-14T12:01:58","date_gmt":"2019-10-14T10:01:58","guid":{"rendered":"https:\/\/www.parthages.be\/wordpress\/produit\/et-vivre-encore\/"},"modified":"2022-04-15T08:29:51","modified_gmt":"2022-04-15T06:29:51","slug":"et-vivre-encore","status":"publish","type":"product","link":"https:\/\/www.parthages.be\/eboutique\/produit\/et-vivre-encore\/","title":{"rendered":"Et vivre encore"},"content":{"rendered":"<p>\u00ab\u00a0 \u201cScl\u00e9rose en plaques\u201d\u2026 Je ne sais pas ce que c\u2019est. On dirait le nom d\u2019un monstre mythologique, pr\u00eat \u00e0 vous sauter \u00e0 la gorge.<\/p>\n<p>Ce monstre intime, cette maladie incurable a profond\u00e9ment modifi\u00e9 mon rapport \u00e0 la vie, mon rapport aux autres, mon rapport \u00e0 Elle pour qui j\u2019ai \u00e9crit ce livre. Je voulais lui dire mon amour et mon admiration.<\/p>\n<p>Au fil de ces pages j\u2019\u00e9voque mes victoires et mes renoncements, mes joies et mes d\u00e9sillusions, mes haines et mes amours. Et la multitude de situations improbables et souvent cocasses dans lesquelles m\u2019ont projet\u00e9 la maladie, le handicap, les h\u00f4pitaux et les m\u00e9decins.<\/p>\n<p>J\u2019avance \u2013 lentement certes \u2013 mais j\u2019avance et je continue \u00e0 vivre. Et vivre encore.\u00a0 \u00bb<\/p>\n<p>(Pr\u00e9sentation de l&rsquo;\u00e9diteur)<\/p>\n<p>DE CABISSOLE P.<\/p>\n<p>Editions Grasset<\/p>\n<p>2019-260p-18\u20ac<\/p>\n<p>240 gr<\/p>\n<p>ISBN\u00a0:\u00a0978-2-246-81985-1<\/p>\n<p>Cote doc\u00a0: 2-50-CAB-V<\/p>\n<span class=\"et_bloom_bottom_trigger\"><\/span>","protected":false},"excerpt":{"rendered":"<p>\u00ab\u00a0 \u201cScl\u00e9rose en plaques\u201d\u2026 Je ne sais pas ce que c\u2019est. On dirait le nom d\u2019un monstre mythologique, pr\u00eat \u00e0 vous sauter \u00e0 la gorge.<\/p>\n","protected":false},"featured_media":911,"comment_status":"open","ping_status":"closed","template":"","meta":{"_et_pb_use_builder":"","_et_pb_old_content":"","_et_gb_content_width":"","spay_email":""},"class_list":["post-912","product","type-product","status-publish","has-post-thumbnail","hentry","product_cat-livres","product_tag-humour","product_tag-personne-handicapee","product_tag-sclerose-en-plaque","product_tag-temoignage"],"jetpack_sharing_enabled":true,"jetpack_likes_enabled":true,"_links":{"self":[{"href":"https:\/\/www.parthages.be\/eboutique\/wp-json\/wp\/v2\/product\/912","targetHints":{"allow":["GET"]}}],"collection":[{"href":"https:\/\/www.parthages.be\/eboutique\/wp-json\/wp\/v2\/product"}],"about":[{"href":"https:\/\/www.parthages.be\/eboutique\/wp-json\/wp\/v2\/types\/product"}],"replies":[{"embeddable":true,"href":"https:\/\/www.parthages.be\/eboutique\/wp-json\/wp\/v2\/comments?post=912"}],"wp:featuredmedia":[{"embeddable":true,"href":"https:\/\/www.parthages.be\/eboutique\/wp-json\/wp\/v2\/media\/911"}],"wp:attachment":[{"href":"https:\/\/www.parthages.be\/eboutique\/wp-json\/wp\/v2\/media?parent=912"}],"curies":[{"name":"wp","href":"https:\/\/api.w.org\/{rel}","templated":true}]}}