{"id":92,"date":"2012-09-24T11:37:53","date_gmt":"2012-09-24T09:37:53","guid":{"rendered":"https:\/\/www.parthages.be\/wordpress\/produit\/de-la-deficience\/"},"modified":"2021-08-17T10:20:44","modified_gmt":"2021-08-17T08:20:44","slug":"de-la-deficience","status":"publish","type":"product","link":"https:\/\/www.parthages.be\/eboutique\/produit\/de-la-deficience\/","title":{"rendered":"De la d\u00e9ficience"},"content":{"rendered":"<p><u>Repr\u00e9sentations, imaginaire, perceptions du handicap dans la litt\u00e9rature contemporaine<\/u><\/p>\n<p>A travers des exemples concrets, cette \u00e9tude illustre l&rsquo;\u00e9criture du handicap et les repr\u00e9sentations de la d\u00e9ficience dans la litt\u00e9rature d&rsquo;aujourd&rsquo;hui.<\/p>\n<p>Quels sont les recours litt\u00e9raires utilis\u00e9s par les auteurs pour dire le handicap ? Existe-t-il un imaginaire, des repr\u00e9sentations sp\u00e9cifiques ?<\/p>\n<p>A la th\u00e9matique commune, l&rsquo;auteur greffe l&rsquo;aspect narratologie, puis la perception r\u00e9elle du handicap dans la vie quotidienne, en prenant appui sur les travaux sur l&rsquo;imaginaire corporel, la perception du handicap dans diff\u00e9rents m\u00e9dia : litt\u00e9rature, cin\u00e9ma, t\u00e9l\u00e9vision, mais \u00e9galement mythes, religions et soci\u00e9t\u00e9. (Pr\u00e9sentation de l&rsquo;\u00e9diteur)<\/p>\n<p>SEGOND L.<\/p>\n<p>Editions L\u2019Harmattan<\/p>\n<p>2010 -262p. -24\u20ac<\/p>\n<p>335g<\/p>\n<p>ISBN 978-2-2961-2416-5<\/p>\n<p>Cote doc: 7-30-SEG-D<\/p>\n<span class=\"et_bloom_bottom_trigger\"><\/span>","protected":false},"excerpt":{"rendered":"<p><u>Repr\u00e9sentations, imaginaire, perceptions du handicap dans la litt\u00e9rature contemporaine<\/u><\/p>\n","protected":false},"featured_media":91,"comment_status":"open","ping_status":"closed","template":"","meta":{"_et_pb_use_builder":"","_et_pb_old_content":"","_et_gb_content_width":"","spay_email":""},"class_list":["post-92","product","type-product","status-publish","has-post-thumbnail","hentry","product_cat-livres","product_tag-anthropologie","product_tag-handicap","product_tag-imaginaire","product_tag-litterature","product_tag-perceptions","product_tag-representations-du-handicap","product_tag-sociologie"],"jetpack_sharing_enabled":true,"jetpack_likes_enabled":true,"_links":{"self":[{"href":"https:\/\/www.parthages.be\/eboutique\/wp-json\/wp\/v2\/product\/92","targetHints":{"allow":["GET"]}}],"collection":[{"href":"https:\/\/www.parthages.be\/eboutique\/wp-json\/wp\/v2\/product"}],"about":[{"href":"https:\/\/www.parthages.be\/eboutique\/wp-json\/wp\/v2\/types\/product"}],"replies":[{"embeddable":true,"href":"https:\/\/www.parthages.be\/eboutique\/wp-json\/wp\/v2\/comments?post=92"}],"wp:featuredmedia":[{"embeddable":true,"href":"https:\/\/www.parthages.be\/eboutique\/wp-json\/wp\/v2\/media\/91"}],"wp:attachment":[{"href":"https:\/\/www.parthages.be\/eboutique\/wp-json\/wp\/v2\/media?parent=92"}],"curies":[{"name":"wp","href":"https:\/\/api.w.org\/{rel}","templated":true}]}}

De la déficience

<p><u>Représentations, imaginaire, perceptions du handicap dans la littérature contemporaine</u></p>
<p>A travers des exemples concrets, cette étude illustre l&rsquo;écriture du handicap et les représentations de la déficience dans la littérature d&rsquo;aujourd&rsquo;hui.</p>
<p>Quels sont les recours littéraires utilisés par les auteurs pour dire le handicap ? Existe-t-il un imaginaire, des représentations spécifiques ?</p>
<p>A la thématique commune, l&rsquo;auteur greffe l&rsquo;aspect narratologie, puis la perception réelle du handicap dans la vie quotidienne, en prenant appui sur les travaux sur l&rsquo;imaginaire corporel, la perception du handicap dans différents média : littérature, cinéma, télévision, mais également mythes, religions et société. (Présentation de l&rsquo;éditeur)</p>
<p>SEGOND L.</p>
<p>Editions L’Harmattan</p>
<p>2010 -262p. -24€</p>
<p>335g</p>
<p>ISBN 978-2-2961-2416-5</p>
<p>Cote doc: 7-30-SEG-D</p>
<span class="et_bloom_bottom_trigger"></span>

<p><u>Représentations, imaginaire, perceptions du handicap dans la littérature contemporaine</u></p>
