{"id":926,"date":"2020-01-16T12:03:46","date_gmt":"2020-01-16T11:03:46","guid":{"rendered":"https:\/\/www.parthages.be\/wordpress\/produit\/on-ne-voit-bien-qu-avec-le-coeur\/"},"modified":"2020-01-16T12:03:46","modified_gmt":"2020-01-16T11:03:46","slug":"on-ne-voit-bien-qu-avec-le-coeur","status":"publish","type":"product","link":"https:\/\/www.parthages.be\/eboutique\/produit\/on-ne-voit-bien-qu-avec-le-coeur\/","title":{"rendered":"On ne voit bien qu&rsquo;avec le coeur"},"content":{"rendered":"<p style=\"margin-bottom: 0cm;\" align=\"JUSTIFY\"><span style=\"font-family: Times New Roman, serif;\"><span style=\"font-size: medium;\">Voici le parcours \u00e9tonnant de Maria Doyle, irlandaise issue d\u2019une famille mis\u00e9rable, qui perd la vue \u00e0 neuf ans et d\u00e9cide que son handicap ne l&#8217;emp\u00eachera pas de r\u00e9aliser ses r\u00eaves, surtout les plus fous. Lumineuse, dr\u00f4le et \u00e9mouvante, Maria nous fait vivre le choix qui a chang\u00e9 son destin. <\/span><\/span><\/p>\n<p style=\"margin-bottom: 0cm;\" align=\"JUSTIFY\"><span style=\"font-family: Times New Roman, serif;\"><span style=\"font-size: medium;\">A l&rsquo;image de sa m\u00e8re rescap\u00e9e d&rsquo;un foyer-prison pour filles m\u00e8res, Maria ne s&rsquo;est jamais rien laiss\u00e9 imposer. A dix ans, elle s&rsquo;\u00e9chappe d&rsquo;un institut pour aveugles. Quinze ans plus tard, elle pr\u00e9f\u00e8re mettre un terme \u00e0 sa carri\u00e8re musicale plut\u00f4t que de c\u00e9der aux avances d&rsquo;un producteur. \u00c9lue \u00a0\u00bb l&rsquo;une des dix plus belles femmes d&rsquo;Irlande \u00ab\u00a0, Maria nous raconte aussi ses amours surprenantes avec une star de la chanson su\u00e9doise et un missionnaire mormon, puis son exil en France, piment\u00e9 par la naissance de ses sept enfants. Mais comment \u00e9lever une famille nombreuse quand on est aveugle ?<\/span><\/span><\/p>\n<p style=\"margin-bottom: 0cm;\" align=\"JUSTIFY\"><span style=\"font-family: Times New Roman, serif;\"><span style=\"font-size: medium;\">(Pr\u00e9sentation de l&rsquo;\u00e9diteur)<\/span><\/span><\/p>\n<p style=\"margin-bottom: 0cm;\" align=\"JUSTIFY\"><span style=\"font-family: Times New Roman, serif;\"><span style=\"font-size: medium;\">DOYLE M.<\/span><\/span><\/p>\n<p style=\"margin-bottom: 0cm;\" align=\"JUSTIFY\"><span style=\"font-family: Times New Roman, serif;\"><span style=\"font-size: medium;\">Plon<\/span><\/span><\/p>\n<p style=\"margin-bottom: 0cm;\" align=\"JUSTIFY\"><span style=\"font-family: Times New Roman, serif;\"><span style=\"font-size: medium;\">2018-<\/span><\/span> <span style=\"font-family: Times New Roman, serif;\"><span style=\"font-size: medium;\">312p.-17.90\u20ac<\/span><\/span><\/p>\n<p style=\"margin-bottom: 0cm;\" align=\"JUSTIFY\"><span style=\"font-family: Times New Roman, serif;\"><span style=\"font-size: medium;\">400gr<\/span><\/span><\/p>\n<p style=\"margin-bottom: 0cm;\" align=\"JUSTIFY\"><span style=\"font-family: Times New Roman, serif;\"><span style=\"font-size: medium;\">ISBN\u00a0: <\/span><\/span><span style=\"color: #333333;\"><span style=\"font-family: Times New Roman, serif;\"><span style=\"font-size: medium;\">978-2-259-26401-3<\/span><\/span><\/span><\/p>\n<p style=\"margin-bottom: 0cm;\" align=\"JUSTIFY\"><span style=\"color: #333333;\"><span style=\"font-family: Times New Roman, serif;\"><span style=\"font-size: medium;\">Cote doc\u00a01-20-DOY-O<\/span><\/span><\/span><\/p>\n<span class=\"et_bloom_bottom_trigger\"><\/span>","protected":false},"excerpt":{"rendered":"<p><span style=\"font-family: Times New Roman, serif;\"><span style=\"font-size: medium;\">Voici le parcours \u00e9tonnant de Maria Doyle, irlandaise issue d\u2019une famille mis\u00e9rable, qui perd la vue \u00e0 neuf ans et d\u00e9cide que son handicap ne l&#8217;emp\u00eachera pas de r\u00e9aliser ses r\u00eaves, surtout les plus fous. Lumineuse, dr\u00f4le et \u00e9mouvante, Maria nous fait vivre le choix qui a chang\u00e9 son destin. <\/span><\/span><\/p>\n","protected":false},"featured_media":925,"comment_status":"open","ping_status":"closed","template":"","meta":{"_et_pb_use_builder":"","_et_pb_old_content":"","_et_gb_content_width":"","spay_email":""},"class_list":["post-926","product","type-product","status-publish","has-post-thumbnail","hentry","product_cat-livres","product_tag-cecite","product_tag-personne-handicapee","product_tag-recit-de-vie","product_tag-temoignage"],"jetpack_sharing_enabled":true,"jetpack_likes_enabled":true,"_links":{"self":[{"href":"https:\/\/www.parthages.be\/eboutique\/wp-json\/wp\/v2\/product\/926","targetHints":{"allow":["GET"]}}],"collection":[{"href":"https:\/\/www.parthages.be\/eboutique\/wp-json\/wp\/v2\/product"}],"about":[{"href":"https:\/\/www.parthages.be\/eboutique\/wp-json\/wp\/v2\/types\/product"}],"replies":[{"embeddable":true,"href":"https:\/\/www.parthages.be\/eboutique\/wp-json\/wp\/v2\/comments?post=926"}],"wp:featuredmedia":[{"embeddable":true,"href":"https:\/\/www.parthages.be\/eboutique\/wp-json\/wp\/v2\/media\/925"}],"wp:attachment":[{"href":"https:\/\/www.parthages.be\/eboutique\/wp-json\/wp\/v2\/media?parent=926"}],"curies":[{"name":"wp","href":"https:\/\/api.w.org\/{rel}","templated":true}]}}

<p style="margin-bottom: 0cm;" align="JUSTIFY"><span style="font-family: Times New Roman, serif;"><span style="font-size: medium;">Voici le parcours étonnant de Maria Doyle, irlandaise issue d’une famille misérable, qui perd la vue à neuf ans et décide que son handicap ne l&#8217;empêchera pas de réaliser ses rêves, surtout les plus fous. Lumineuse, drôle et émouvante, Maria nous fait vivre le choix qui a changé son destin. </span></span></p>
<p style="margin-bottom: 0cm;" align="JUSTIFY"><span style="font-family: Times New Roman, serif;"><span style="font-size: medium;">A l&rsquo;image de sa mère rescapée d&rsquo;un foyer-prison pour filles mères, Maria ne s&rsquo;est jamais rien laissé imposer. A dix ans, elle s&rsquo;échappe d&rsquo;un institut pour aveugles. Quinze ans plus tard, elle préfère mettre un terme à sa carrière musicale plutôt que de céder aux avances d&rsquo;un producteur. Élue  » l&rsquo;une des dix plus belles femmes d&rsquo;Irlande « , Maria nous raconte aussi ses amours surprenantes avec une star de la chanson suédoise et un missionnaire mormon, puis son exil en France, pimenté par la naissance de ses sept enfants. Mais comment élever une famille nombreuse quand on est aveugle ?</span></span></p>
<p style="margin-bottom: 0cm;" align="JUSTIFY"><span style="font-family: Times New Roman, serif;"><span style="font-size: medium;">(Présentation de l&rsquo;éditeur)</span></span></p>
<p style="margin-bottom: 0cm;" align="JUSTIFY"><span style="font-family: Times New Roman, serif;"><span style="font-size: medium;">DOYLE M.</span></span></p>
<p style="margin-bottom: 0cm;" align="JUSTIFY"><span style="font-family: Times New Roman, serif;"><span style="font-size: medium;">Plon</span></span></p>
<p style="margin-bottom: 0cm;" align="JUSTIFY"><span style="font-family: Times New Roman, serif;"><span style="font-size: medium;">2018-</span></span> <span style="font-family: Times New Roman, serif;"><span style="font-size: medium;">312p.-17.90€</span></span></p>
<p style="margin-bottom: 0cm;" align="JUSTIFY"><span style="font-family: Times New Roman, serif;"><span style="font-size: medium;">400gr</span></span></p>
<p style="margin-bottom: 0cm;" align="JUSTIFY"><span style="font-family: Times New Roman, serif;"><span style="font-size: medium;">ISBN : </span></span><span style="color: #333333;"><span style="font-family: Times New Roman, serif;"><span style="font-size: medium;">978-2-259-26401-3</span></span></span></p>
<p style="margin-bottom: 0cm;" align="JUSTIFY"><span style="color: #333333;"><span style="font-family: Times New Roman, serif;"><span style="font-size: medium;">Cote doc 1-20-DOY-O</span></span></span></p>
<span class="et_bloom_bottom_trigger"></span>

<p><span style="font-family: Times New Roman, serif;"><span style="font-size: medium;">Voici le parcours étonnant de Maria Doyle, irlandaise issue d’une famille misérable, qui perd la vue à neuf ans et décide que son handicap ne l&#8217;empêchera pas de réaliser ses rêves, surtout les plus fous. Lumineuse, drôle et émouvante, Maria nous fait vivre le choix qui a changé son destin. </span></span></p>
