{"id":930,"date":"2020-01-16T12:11:43","date_gmt":"2020-01-16T11:11:43","guid":{"rendered":"https:\/\/www.parthages.be\/wordpress\/produit\/l-education-inclusive\/"},"modified":"2025-04-29T13:34:07","modified_gmt":"2025-04-29T11:34:07","slug":"l-education-inclusive","status":"publish","type":"product","link":"https:\/\/www.parthages.be\/eboutique\/produit\/l-education-inclusive\/","title":{"rendered":"L&rsquo;\u00e9ducation inclusive"},"content":{"rendered":"<p style=\"margin-bottom: 0cm;\" align=\"JUSTIFY\"><span style=\"color: #333333;\"><span style=\"font-family: Times New Roman, serif;\"><span style=\"font-size: medium;\">Cet ouvrage rappelle les exigences qui favorisent pour un jeune l\u00b4acc\u00e8s au statut d\u00b4\u00e9l\u00e8ve, en mettant en exergue le respect et la reconnaissance de l\u00b4individu comme pr\u00e9mices \u00e0 l\u00b4apprentissage. Faisons fi des crit\u00e8res \u00e9cul\u00e9s de r\u00e9partition entre \u00a0\u00bb bons \u00a0\u00bb et \u00a0\u00bb mauvais \u00a0\u00bb \u00e9l\u00e8ves qui aboutissent trop souvent \u00e0 la stigmatisation et au rejet. Je propose un positionnement non s\u00e9gr\u00e9gatif de chaque \u00e9l\u00e8ve, face aux apprentissages, en lien avec son potentiel. Parmi les outils p\u00e9dagogiques, je mets en avant pour chacun d\u00b4eux les enjeux dont ils sont porteurs, avant de d\u00e9crire dans le d\u00e9tail un mode d\u00b4utilisation rigoureux pour \u00e9viter un usage d\u00e9fectueux, voire contreproductif. L\u00b4\u00e9ducation inclusive est un projet ambitieux o\u00f9 chacun a sa place. Au fil de ce livre, les diff\u00e9rents acteurs de l\u00b4\u00e9cole jusqu\u00b4aux responsables institutionnels sont questionn\u00e9s et sollicit\u00e9s \u00e0 partir de propositions concr\u00e8tes pour enfin mettre en place l\u00b4\u00e9cole de \u00a0\u00bb l\u00b4excellence pour tous \u00ab\u00a0. (Pr\u00e9sentation d l\u2019\u00e9diteur)<\/span><\/span><\/span><\/p>\n<p style=\"margin-bottom: 0cm;\" align=\"JUSTIFY\">\u00a0<\/p>\n<p style=\"margin-bottom: 0cm;\" align=\"JUSTIFY\"><span style=\"color: #333333;\"><span style=\"font-family: Times New Roman, serif;\"><span style=\"font-size: medium;\">JOGUET J.<\/span><\/span><\/span><\/p>\n<p style=\"margin-bottom: 0cm;\" align=\"JUSTIFY\"><span style=\"color: #333333;\"><span style=\"font-family: Times New Roman, serif;\"><span style=\"font-size: medium;\">Tom Pousse<\/span><\/span><\/span><\/p>\n<p style=\"margin-bottom: 0cm;\" align=\"JUSTIFY\"><span style=\"color: #333333;\"><span style=\"font-family: Times New Roman, serif;\"><span style=\"font-size: medium;\">2019-230p-15\u20ac<\/span><\/span><\/span><\/p>\n<p style=\"margin-bottom: 0cm;\" align=\"JUSTIFY\"><span style=\"color: #333333;\"><span style=\"font-family: Times New Roman, serif;\"><span style=\"font-size: medium;\">270gr<\/span><\/span><\/span><\/p>\n<p style=\"margin-bottom: 0cm;\" align=\"JUSTIFY\"><span style=\"color: #333333;\"><span style=\"font-family: Times New Roman, serif;\"><span style=\"font-size: medium;\">ISBN\u00a0:<\/span><\/span><\/span> <span style=\"color: #333333;\"><span style=\"font-family: Times New Roman, serif;\"><span style=\"font-size: medium;\">978-2-35345-207-1<\/span><\/span><\/span><\/p>\n<p style=\"margin-bottom: 0cm;\" align=\"JUSTIFY\"><span style=\"color: #333333;\"><span style=\"font-family: Times New Roman, serif;\"><span style=\"font-size: medium;\">Cote doc\u00a0:<\/span><\/span><\/span> <span style=\"color: #333333;\"><span style=\"font-family: Times New Roman, serif;\"><span style=\"font-size: medium;\">4-50-JOG-E<\/span><\/span><\/span><\/p>\n<span class=\"et_bloom_bottom_trigger\"><\/span>","protected":false},"excerpt":{"rendered":"<p><span style=\"color: #333333;\"><span style=\"font-family: Times New Roman, serif;\"><span style=\"font-size: medium;\">Cet ouvrage rappelle les exigences qui favorisent pour un jeune l\u00b4acc\u00e8s au statut d\u00b4\u00e9l\u00e8ve, en mettant en exergue le respect et la reconnaissance de l\u00b4individu comme pr\u00e9mices \u00e0 l\u00b4apprentissage. <\/span><\/span><\/span><\/p>\n","protected":false},"featured_media":929,"comment_status":"open","ping_status":"closed","template":"","meta":{"_et_pb_use_builder":"","_et_pb_old_content":"","_et_gb_content_width":"","spay_email":""},"class_list":["post-930","product","type-product","status-publish","has-post-thumbnail","hentry","product_cat-livres","product_tag-accompagnement","product_tag-culture","product_tag-ecole","product_tag-enfant-handicape","product_tag-enseignant","product_tag-inclusion","product_tag-outil-pedagogique","product_tag-reconnaissance-du-handicap","product_tag-scolarisation"],"jetpack_sharing_enabled":true,"jetpack_likes_enabled":true,"_links":{"self":[{"href":"https:\/\/www.parthages.be\/eboutique\/wp-json\/wp\/v2\/product\/930","targetHints":{"allow":["GET"]}}],"collection":[{"href":"https:\/\/www.parthages.be\/eboutique\/wp-json\/wp\/v2\/product"}],"about":[{"href":"https:\/\/www.parthages.be\/eboutique\/wp-json\/wp\/v2\/types\/product"}],"replies":[{"embeddable":true,"href":"https:\/\/www.parthages.be\/eboutique\/wp-json\/wp\/v2\/comments?post=930"}],"wp:featuredmedia":[{"embeddable":true,"href":"https:\/\/www.parthages.be\/eboutique\/wp-json\/wp\/v2\/media\/929"}],"wp:attachment":[{"href":"https:\/\/www.parthages.be\/eboutique\/wp-json\/wp\/v2\/media?parent=930"}],"curies":[{"name":"wp","href":"https:\/\/api.w.org\/{rel}","templated":true}]}}

L&rsquo;éducation inclusive

<p style="margin-bottom: 0cm;" align="JUSTIFY"><span style="color: #333333;"><span style="font-family: Times New Roman, serif;"><span style="font-size: medium;">Cet ouvrage rappelle les exigences qui favorisent pour un jeune l´accès au statut d´élève, en mettant en exergue le respect et la reconnaissance de l´individu comme prémices à l´apprentissage. Faisons fi des critères éculés de répartition entre  » bons  » et  » mauvais  » élèves qui aboutissent trop souvent à la stigmatisation et au rejet. Je propose un positionnement non ségrégatif de chaque élève, face aux apprentissages, en lien avec son potentiel. Parmi les outils pédagogiques, je mets en avant pour chacun d´eux les enjeux dont ils sont porteurs, avant de décrire dans le détail un mode d´utilisation rigoureux pour éviter un usage défectueux, voire contreproductif. L´éducation inclusive est un projet ambitieux où chacun a sa place. Au fil de ce livre, les différents acteurs de l´école jusqu´aux responsables institutionnels sont questionnés et sollicités à partir de propositions concrètes pour enfin mettre en place l´école de  » l´excellence pour tous « . (Présentation d l’éditeur)</span></span></span></p>
<p style="margin-bottom: 0cm;" align="JUSTIFY"> </p>
<p style="margin-bottom: 0cm;" align="JUSTIFY"><span style="color: #333333;"><span style="font-family: Times New Roman, serif;"><span style="font-size: medium;">JOGUET J.</span></span></span></p>
<p style="margin-bottom: 0cm;" align="JUSTIFY"><span style="color: #333333;"><span style="font-family: Times New Roman, serif;"><span style="font-size: medium;">Tom Pousse</span></span></span></p>
<p style="margin-bottom: 0cm;" align="JUSTIFY"><span style="color: #333333;"><span style="font-family: Times New Roman, serif;"><span style="font-size: medium;">2019-230p-15€</span></span></span></p>
<p style="margin-bottom: 0cm;" align="JUSTIFY"><span style="color: #333333;"><span style="font-family: Times New Roman, serif;"><span style="font-size: medium;">270gr</span></span></span></p>
<p style="margin-bottom: 0cm;" align="JUSTIFY"><span style="color: #333333;"><span style="font-family: Times New Roman, serif;"><span style="font-size: medium;">ISBN :</span></span></span> <span style="color: #333333;"><span style="font-family: Times New Roman, serif;"><span style="font-size: medium;">978-2-35345-207-1</span></span></span></p>
<p style="margin-bottom: 0cm;" align="JUSTIFY"><span style="color: #333333;"><span style="font-family: Times New Roman, serif;"><span style="font-size: medium;">Cote doc :</span></span></span> <span style="color: #333333;"><span style="font-family: Times New Roman, serif;"><span style="font-size: medium;">4-50-JOG-E</span></span></span></p>
<span class="et_bloom_bottom_trigger"></span>

<p><span style="color: #333333;"><span style="font-family: Times New Roman, serif;"><span style="font-size: medium;">Cet ouvrage rappelle les exigences qui favorisent pour un jeune l´accès au statut d´élève, en mettant en exergue le respect et la reconnaissance de l´individu comme prémices à l´apprentissage. </span></span></span></p>
