{"id":932,"date":"2020-01-16T12:12:39","date_gmt":"2020-01-16T11:12:39","guid":{"rendered":"https:\/\/www.parthages.be\/wordpress\/produit\/restaurants-extraordinaires-travailler-avec-un-handicap-mental-c-est-possible\/"},"modified":"2020-01-16T12:12:39","modified_gmt":"2020-01-16T11:12:39","slug":"restaurants-extraordinaires-travailler-avec-un-handicap-mental-c-est-possible","status":"publish","type":"product","link":"https:\/\/www.parthages.be\/eboutique\/produit\/restaurants-extraordinaires-travailler-avec-un-handicap-mental-c-est-possible\/","title":{"rendered":"Restaurants extraordinaires &#8211; travailler avec un handicap mental c&rsquo;est possible"},"content":{"rendered":"<p style=\"margin-bottom: 0cm;\" align=\"JUSTIFY\"><span style=\"color: #333333;\"><span style=\"font-family: Times New Roman, serif;\"><span style=\"font-size: medium;\">La trisomie 21 a longtemps \u00e9t\u00e9 mise de c\u00f4t\u00e9. Avez-vous d\u00e9j\u00e0 eu l&rsquo;occasion de c\u00f4toyer des personnes porteuses de ce handicap mental dans votre quotidien? Si vous n&rsquo;\u00eates pas directement concern\u00e9s, ces rencontres sont rares, voire inexistantes. Alors, ne parlons pas du milieu professionnel&#8230;<\/span><\/span><\/span><\/p>\n<p style=\"margin-bottom: 0cm;\" align=\"JUSTIFY\">\u00a0<\/p>\n<p style=\"margin-bottom: 0cm;\" align=\"JUSTIFY\"><span style=\"color: #333333;\"><span style=\"font-family: Times New Roman, serif;\"><span style=\"font-size: medium;\">Eh bien, si, parlons-en justement. Car les choses bougent, des personnes avec trisomie 21 ne veulent plus rester dans leur coin, des parents se mobilisent, des professionnels s&rsquo;engagent&#8230; Ce livre propose un focus sur le milieu de la restauration. Un milieu tr\u00e8s pourvoyeur d&#8217;emploi o\u00f9 le recrutement est tendu, o\u00f9 le turnover est fr\u00e9quent, o\u00f9 le rythme est r\u00e9put\u00e9 comme rude.<\/span><\/span><\/span><\/p>\n<p style=\"margin-bottom: 0cm;\" align=\"JUSTIFY\">\u00a0<\/p>\n<p style=\"margin-bottom: 0cm;\" align=\"JUSTIFY\"><span style=\"color: #333333;\"><span style=\"font-family: Times New Roman, serif;\"><span style=\"font-size: medium;\">Or, paradoxalement, cet univers professionnel se r\u00e9v\u00e8le comme l&rsquo;un des plus ouverts au handicap mental. Les barri\u00e8res tombent et les pr\u00e9jug\u00e9s \u00e9galement : non, les clients ne prennent pas peur face \u00e0 des serveurs trisomiques ! Oui, une personne porteuse de trisomie 21 est b\u00e9n\u00e9fique dans une \u00e9quipe! Oui, un restaurant employant une majorit\u00e9 de personnes handicap\u00e9es peut \u00eatre rentable!<\/span><\/span><\/span><\/p>\n<p style=\"margin-bottom: 0cm;\" align=\"JUSTIFY\">\u00a0<\/p>\n<p style=\"margin-bottom: 0cm;\" align=\"JUSTIFY\"><span style=\"color: #333333;\"><span style=\"font-family: Times New Roman, serif;\"><span style=\"font-size: medium;\">Retrouvez, au fil de ces pages, l&rsquo;aventure du restaurant Le Reflet \u00e0 Nantes : sa gen\u00e8se, ses outils adapt\u00e9s, son mod\u00e8le \u00e9conomique et financier, son mode de fonctionnement. D\u00e9couvrez \u00e9galement des employeurs extraordinaires qui m\u00e8nent le m\u00eame combat en France et dans le monde, des associations de parents qui cr\u00e9ent des dispositifs d&rsquo;accompagnement adapt\u00e9s, des formations qui \u00e9mergent&#8230;<\/span><\/span><\/span><\/p>\n<p style=\"margin-bottom: 0cm;\" align=\"JUSTIFY\">\u00a0<\/p>\n<p style=\"margin-bottom: 0cm;\" align=\"JUSTIFY\"><span style=\"color: #333333;\"><span style=\"font-family: Times New Roman, serif;\"><span style=\"font-size: medium;\">Plein d&rsquo;espoir et de notes d&rsquo;humour, cet ouvrage aux illustrations bienveillantes est une mine d&rsquo;information pour le grand public, les professionnels ou les chercheurs et, d&rsquo;une mani\u00e8re g\u00e9n\u00e9rale, pour tous ceux qui veulent donner une chance aux personnes handicap\u00e9es mentales de travailler en milieu ordinaire&#8230; comme tout le monde.<\/span><\/span><\/span><\/p>\n<p style=\"margin-bottom: 0cm;\" align=\"JUSTIFY\">\u00a0<\/p>\n<p style=\"margin-bottom: 0cm;\" align=\"JUSTIFY\"><span style=\"color: #333333;\"><span style=\"font-family: Times New Roman, serif;\"><span style=\"font-size: medium;\">(Pr\u00e9sentation de l&rsquo;\u00e9diteur)<\/span><\/span><\/span><\/p>\n<p style=\"margin-bottom: 0cm;\" align=\"JUSTIFY\">\u00a0<\/p>\n<p style=\"margin-bottom: 0cm;\" align=\"JUSTIFY\"><span style=\"color: #333333;\"><span style=\"font-family: Times New Roman, serif;\"><span style=\"font-size: medium;\">TRINOME 44<\/span><\/span><\/span><\/p>\n<p style=\"margin-bottom: 0cm;\" align=\"JUSTIFY\"><span style=\"color: #333333;\"><span style=\"font-family: Times New Roman, serif;\"><span style=\"font-size: medium;\">Presses de l&rsquo;EHESP<\/span><\/span><\/span><\/p>\n<p style=\"margin-bottom: 0cm;\" align=\"JUSTIFY\"><span style=\"color: #333333;\"><span style=\"font-family: Times New Roman, serif;\"><span style=\"font-size: medium;\">2019-120p-25\u20ac<\/span><\/span><\/span><\/p>\n<p style=\"margin-bottom: 0cm;\" align=\"JUSTIFY\"><span style=\"color: #333333;\"><span style=\"font-family: Times New Roman, serif;\"><span style=\"font-size: medium;\">450gr<\/span><\/span><\/span><\/p>\n<p style=\"margin-bottom: 0cm;\" align=\"JUSTIFY\"><span style=\"color: #333333;\"><span style=\"font-family: Times New Roman, serif;\"><span style=\"font-size: medium;\">ISBN\u00a0:<\/span><\/span><\/span> <span style=\"color: #333333;\"><span style=\"font-family: Times New Roman, serif;\"><span style=\"font-size: medium;\">978-2-8109-0774-8<\/span><\/span><\/span><\/p>\n<p style=\"margin-bottom: 0cm;\" align=\"JUSTIFY\"><span style=\"color: #333333;\"><span style=\"font-family: Times New Roman, serif;\"><span style=\"font-size: medium;\">Cote doc\u00a04-60-TRI-R<\/span><\/span><\/span><\/p>\n<span class=\"et_bloom_bottom_trigger\"><\/span>","protected":false},"excerpt":{"rendered":"<p><span style=\"color: #333333;\"><span style=\"font-family: Times New Roman, serif;\"><span style=\"font-size: medium;\">La trisomie 21 a longtemps \u00e9t\u00e9 mise de c\u00f4t\u00e9. Avez-vous d\u00e9j\u00e0 eu l&rsquo;occasion de c\u00f4toyer des personnes porteuses de ce handicap mental dans votre quotidien? Si vous n&rsquo;\u00eates pas directement concern\u00e9s, ces rencontres sont rares, voire inexistantes. Alors, ne parlons pas du milieu professionnel&#8230;<\/span><\/span><\/span><\/p>\n","protected":false},"featured_media":931,"comment_status":"open","ping_status":"closed","template":"","meta":{"_et_pb_use_builder":"","_et_pb_old_content":"","_et_gb_content_width":"","spay_email":""},"class_list":["post-932","product","type-product","status-publish","has-post-thumbnail","hentry","product_cat-livres","product_tag-adaptation","product_tag-amenagement-du-batiment","product_tag-deficience-intellectuelle","product_tag-emploi","product_tag-personne-handicapee","product_tag-temoignage","product_tag-trisomie-21"],"jetpack_sharing_enabled":true,"jetpack_likes_enabled":true,"_links":{"self":[{"href":"https:\/\/www.parthages.be\/eboutique\/wp-json\/wp\/v2\/product\/932","targetHints":{"allow":["GET"]}}],"collection":[{"href":"https:\/\/www.parthages.be\/eboutique\/wp-json\/wp\/v2\/product"}],"about":[{"href":"https:\/\/www.parthages.be\/eboutique\/wp-json\/wp\/v2\/types\/product"}],"replies":[{"embeddable":true,"href":"https:\/\/www.parthages.be\/eboutique\/wp-json\/wp\/v2\/comments?post=932"}],"wp:featuredmedia":[{"embeddable":true,"href":"https:\/\/www.parthages.be\/eboutique\/wp-json\/wp\/v2\/media\/931"}],"wp:attachment":[{"href":"https:\/\/www.parthages.be\/eboutique\/wp-json\/wp\/v2\/media?parent=932"}],"curies":[{"name":"wp","href":"https:\/\/api.w.org\/{rel}","templated":true}]}}

<p style="margin-bottom: 0cm;" align="JUSTIFY"><span style="color: #333333;"><span style="font-family: Times New Roman, serif;"><span style="font-size: medium;">La trisomie 21 a longtemps été mise de côté. Avez-vous déjà eu l&rsquo;occasion de côtoyer des personnes porteuses de ce handicap mental dans votre quotidien? Si vous n&rsquo;êtes pas directement concernés, ces rencontres sont rares, voire inexistantes. Alors, ne parlons pas du milieu professionnel&#8230;</span></span></span></p>
<p style="margin-bottom: 0cm;" align="JUSTIFY"> </p>
<p style="margin-bottom: 0cm;" align="JUSTIFY"><span style="color: #333333;"><span style="font-family: Times New Roman, serif;"><span style="font-size: medium;">Eh bien, si, parlons-en justement. Car les choses bougent, des personnes avec trisomie 21 ne veulent plus rester dans leur coin, des parents se mobilisent, des professionnels s&rsquo;engagent&#8230; Ce livre propose un focus sur le milieu de la restauration. Un milieu très pourvoyeur d&#8217;emploi où le recrutement est tendu, où le turnover est fréquent, où le rythme est réputé comme rude.</span></span></span></p>
<p style="margin-bottom: 0cm;" align="JUSTIFY"> </p>
<p style="margin-bottom: 0cm;" align="JUSTIFY"><span style="color: #333333;"><span style="font-family: Times New Roman, serif;"><span style="font-size: medium;">Or, paradoxalement, cet univers professionnel se révèle comme l&rsquo;un des plus ouverts au handicap mental. Les barrières tombent et les préjugés également : non, les clients ne prennent pas peur face à des serveurs trisomiques ! Oui, une personne porteuse de trisomie 21 est bénéfique dans une équipe! Oui, un restaurant employant une majorité de personnes handicapées peut être rentable!</span></span></span></p>
<p style="margin-bottom: 0cm;" align="JUSTIFY"> </p>
<p style="margin-bottom: 0cm;" align="JUSTIFY"><span style="color: #333333;"><span style="font-family: Times New Roman, serif;"><span style="font-size: medium;">Retrouvez, au fil de ces pages, l&rsquo;aventure du restaurant Le Reflet à Nantes : sa genèse, ses outils adaptés, son modèle économique et financier, son mode de fonctionnement. Découvrez également des employeurs extraordinaires qui mènent le même combat en France et dans le monde, des associations de parents qui créent des dispositifs d&rsquo;accompagnement adaptés, des formations qui émergent&#8230;</span></span></span></p>
<p style="margin-bottom: 0cm;" align="JUSTIFY"> </p>
<p style="margin-bottom: 0cm;" align="JUSTIFY"><span style="color: #333333;"><span style="font-family: Times New Roman, serif;"><span style="font-size: medium;">Plein d&rsquo;espoir et de notes d&rsquo;humour, cet ouvrage aux illustrations bienveillantes est une mine d&rsquo;information pour le grand public, les professionnels ou les chercheurs et, d&rsquo;une manière générale, pour tous ceux qui veulent donner une chance aux personnes handicapées mentales de travailler en milieu ordinaire&#8230; comme tout le monde.</span></span></span></p>
<p style="margin-bottom: 0cm;" align="JUSTIFY"> </p>
<p style="margin-bottom: 0cm;" align="JUSTIFY"><span style="color: #333333;"><span style="font-family: Times New Roman, serif;"><span style="font-size: medium;">(Présentation de l&rsquo;éditeur)</span></span></span></p>
<p style="margin-bottom: 0cm;" align="JUSTIFY"> </p>
<p style="margin-bottom: 0cm;" align="JUSTIFY"><span style="color: #333333;"><span style="font-family: Times New Roman, serif;"><span style="font-size: medium;">TRINOME 44</span></span></span></p>
<p style="margin-bottom: 0cm;" align="JUSTIFY"><span style="color: #333333;"><span style="font-family: Times New Roman, serif;"><span style="font-size: medium;">Presses de l&rsquo;EHESP</span></span></span></p>
<p style="margin-bottom: 0cm;" align="JUSTIFY"><span style="color: #333333;"><span style="font-family: Times New Roman, serif;"><span style="font-size: medium;">2019-120p-25€</span></span></span></p>
<p style="margin-bottom: 0cm;" align="JUSTIFY"><span style="color: #333333;"><span style="font-family: Times New Roman, serif;"><span style="font-size: medium;">450gr</span></span></span></p>
<p style="margin-bottom: 0cm;" align="JUSTIFY"><span style="color: #333333;"><span style="font-family: Times New Roman, serif;"><span style="font-size: medium;">ISBN :</span></span></span> <span style="color: #333333;"><span style="font-family: Times New Roman, serif;"><span style="font-size: medium;">978-2-8109-0774-8</span></span></span></p>
<p style="margin-bottom: 0cm;" align="JUSTIFY"><span style="color: #333333;"><span style="font-family: Times New Roman, serif;"><span style="font-size: medium;">Cote doc 4-60-TRI-R</span></span></span></p>
<span class="et_bloom_bottom_trigger"></span>

<p><span style="color: #333333;"><span style="font-family: Times New Roman, serif;"><span style="font-size: medium;">La trisomie 21 a longtemps été mise de côté. Avez-vous déjà eu l&rsquo;occasion de côtoyer des personnes porteuses de ce handicap mental dans votre quotidien? Si vous n&rsquo;êtes pas directement concernés, ces rencontres sont rares, voire inexistantes. Alors, ne parlons pas du milieu professionnel&#8230;</span></span></span></p>
