{"id":936,"date":"2020-01-16T12:15:29","date_gmt":"2020-01-16T11:15:29","guid":{"rendered":"https:\/\/www.parthages.be\/wordpress\/produit\/je-suis-un-eleve-a-problemes\/"},"modified":"2020-01-16T12:15:29","modified_gmt":"2020-01-16T11:15:29","slug":"je-suis-un-eleve-a-problemes","status":"publish","type":"product","link":"https:\/\/www.parthages.be\/eboutique\/produit\/je-suis-un-eleve-a-problemes\/","title":{"rendered":"Je suis un \u00e9l\u00e8ve \u00e0 probl\u00e8mes"},"content":{"rendered":"<p style=\"margin-bottom: 0cm;\" align=\"JUSTIFY\"><span style=\"color: #333333;\"><span style=\"font-family: Times New Roman, serif;\"><span style=\"font-size: medium;\">La scolarit\u00e9 de J\u00e9r\u00f4me est un d\u00e9sastre. Plus il accumule les grades qui d\u00e9gradent, plus il s\u2019enfonce dans une voie sans issue. Cet ouvrage vous propose de suivre le chemin qui l\u2019aidera \u00e0 sortir pas \u00e0 pas de cette spirale n\u00e9gative. Pas de techniques ou de recettes toutes faites, juste l\u2019ouverture \u00e0 une r\u00e9flexion, une autre fa\u00e7on de se voir face \u00e0 l\u2019\u00e9cole\u2026Dans ce roman, on suit le cheminement de J\u00e9r\u00f4me, 14 ans, durant toute l\u2019ann\u00e9e scolaire. Un cheminement parfois difficile, parfois optimiste. (Pr\u00e9sentation de l&rsquo;\u00e9diteur)<\/span><\/span><\/span><\/p>\n<p style=\"margin-bottom: 0cm;\" align=\"JUSTIFY\"><span style=\"color: #333333;\"><span style=\"font-family: Times New Roman, serif;\"><span style=\"font-size: medium;\">DESSY F.- LOUTSCH J.-M.<\/span><\/span><\/span><\/p>\n<p style=\"margin-bottom: 0cm;\" align=\"JUSTIFY\"><span style=\"color: #333333;\"><span style=\"font-family: Times New Roman, serif;\"><span style=\"font-size: medium;\">Editions Memory<\/span><\/span><\/span><\/p>\n<p style=\"margin-bottom: 0cm;\" align=\"JUSTIFY\"><span style=\"color: #333333;\"><span style=\"font-family: Times New Roman, serif;\"><span style=\"font-size: medium;\">2018-167p-15\u20ac<\/span><\/span><\/span><\/p>\n<p style=\"margin-bottom: 0cm;\" align=\"JUSTIFY\"><span style=\"color: #333333;\"><span style=\"font-family: Times New Roman, serif;\"><span style=\"font-size: medium;\">246gr<\/span><\/span><\/span><\/p>\n<p style=\"margin-bottom: 0cm;\" align=\"JUSTIFY\"><span style=\"color: #333333;\"><span style=\"font-family: Times New Roman, serif;\"><span style=\"font-size: medium;\">ISBN\u00a0:<\/span><\/span><\/span> <span style=\"color: #333333;\"><span style=\"font-family: Times New Roman, serif;\"><span style=\"font-size: medium;\">978-2-87413-281-0<\/span><\/span><\/span><\/p>\n<p style=\"margin-bottom: 0cm;\" align=\"JUSTIFY\"><span style=\"color: #333333;\"><span style=\"font-family: Times New Roman, serif;\"><span style=\"font-size: medium;\">Cote doc\u00a0:<\/span><\/span><\/span> <span style=\"color: #333333;\"><span style=\"font-family: Times New Roman, serif;\"><span style=\"font-size: medium;\">2-20-des-j<\/span><\/span><\/span><\/p>\n<span class=\"et_bloom_bottom_trigger\"><\/span>","protected":false},"excerpt":{"rendered":"<p><span style=\"color: #333333;\"><span style=\"font-family: Times New Roman, serif;\"><span style=\"font-size: medium;\">La scolarit\u00e9 de J\u00e9r\u00f4me est un d\u00e9sastre. Plus il accumule les grades qui d\u00e9gradent, plus il s\u2019enfonce dans une voie sans issue. <\/span><\/span><\/span><\/p>\n","protected":false},"featured_media":935,"comment_status":"open","ping_status":"closed","template":"","meta":{"_et_pb_use_builder":"","_et_pb_old_content":"","_et_gb_content_width":"","spay_email":""},"class_list":["post-936","product","type-product","status-publish","has-post-thumbnail","hentry","product_cat-livres","product_tag-accompagnement","product_tag-adolescent","product_tag-difficulte-dapprentissage","product_tag-difficulte-scolaire","product_tag-dyslexie","product_tag-dysorthographie","product_tag-recit-de-vie"],"jetpack_sharing_enabled":true,"jetpack_likes_enabled":true,"_links":{"self":[{"href":"https:\/\/www.parthages.be\/eboutique\/wp-json\/wp\/v2\/product\/936","targetHints":{"allow":["GET"]}}],"collection":[{"href":"https:\/\/www.parthages.be\/eboutique\/wp-json\/wp\/v2\/product"}],"about":[{"href":"https:\/\/www.parthages.be\/eboutique\/wp-json\/wp\/v2\/types\/product"}],"replies":[{"embeddable":true,"href":"https:\/\/www.parthages.be\/eboutique\/wp-json\/wp\/v2\/comments?post=936"}],"wp:featuredmedia":[{"embeddable":true,"href":"https:\/\/www.parthages.be\/eboutique\/wp-json\/wp\/v2\/media\/935"}],"wp:attachment":[{"href":"https:\/\/www.parthages.be\/eboutique\/wp-json\/wp\/v2\/media?parent=936"}],"curies":[{"name":"wp","href":"https:\/\/api.w.org\/{rel}","templated":true}]}}

Je suis un élève à problèmes

<p style="margin-bottom: 0cm;" align="JUSTIFY"><span style="color: #333333;"><span style="font-family: Times New Roman, serif;"><span style="font-size: medium;">La scolarité de Jérôme est un désastre. Plus il accumule les grades qui dégradent, plus il s’enfonce dans une voie sans issue. Cet ouvrage vous propose de suivre le chemin qui l’aidera à sortir pas à pas de cette spirale négative. Pas de techniques ou de recettes toutes faites, juste l’ouverture à une réflexion, une autre façon de se voir face à l’école…Dans ce roman, on suit le cheminement de Jérôme, 14 ans, durant toute l’année scolaire. Un cheminement parfois difficile, parfois optimiste. (Présentation de l&rsquo;éditeur)</span></span></span></p>
<p style="margin-bottom: 0cm;" align="JUSTIFY"><span style="color: #333333;"><span style="font-family: Times New Roman, serif;"><span style="font-size: medium;">DESSY F.- LOUTSCH J.-M.</span></span></span></p>
<p style="margin-bottom: 0cm;" align="JUSTIFY"><span style="color: #333333;"><span style="font-family: Times New Roman, serif;"><span style="font-size: medium;">Editions Memory</span></span></span></p>
<p style="margin-bottom: 0cm;" align="JUSTIFY"><span style="color: #333333;"><span style="font-family: Times New Roman, serif;"><span style="font-size: medium;">2018-167p-15€</span></span></span></p>
<p style="margin-bottom: 0cm;" align="JUSTIFY"><span style="color: #333333;"><span style="font-family: Times New Roman, serif;"><span style="font-size: medium;">246gr</span></span></span></p>
<p style="margin-bottom: 0cm;" align="JUSTIFY"><span style="color: #333333;"><span style="font-family: Times New Roman, serif;"><span style="font-size: medium;">ISBN :</span></span></span> <span style="color: #333333;"><span style="font-family: Times New Roman, serif;"><span style="font-size: medium;">978-2-87413-281-0</span></span></span></p>
<p style="margin-bottom: 0cm;" align="JUSTIFY"><span style="color: #333333;"><span style="font-family: Times New Roman, serif;"><span style="font-size: medium;">Cote doc :</span></span></span> <span style="color: #333333;"><span style="font-family: Times New Roman, serif;"><span style="font-size: medium;">2-20-des-j</span></span></span></p>
<span class="et_bloom_bottom_trigger"></span>

<p><span style="color: #333333;"><span style="font-family: Times New Roman, serif;"><span style="font-size: medium;">La scolarité de Jérôme est un désastre. Plus il accumule les grades qui dégradent, plus il s’enfonce dans une voie sans issue. </span></span></span></p>
