{"id":946,"date":"2020-01-16T12:22:35","date_gmt":"2020-01-16T11:22:35","guid":{"rendered":"https:\/\/www.parthages.be\/wordpress\/produit\/sexe-et-handicaps-quels-accompagnements-quels-outils\/"},"modified":"2020-01-16T12:22:35","modified_gmt":"2020-01-16T11:22:35","slug":"sexe-et-handicaps-quels-accompagnements-quels-outils","status":"publish","type":"product","link":"https:\/\/www.parthages.be\/eboutique\/produit\/sexe-et-handicaps-quels-accompagnements-quels-outils\/","title":{"rendered":"Sexe et handicaps &#8211; Quels accompagnements ? Quels outils ?"},"content":{"rendered":"<p style=\"margin-bottom: 0cm;\" align=\"JUSTIFY\"><span style=\"color: #333333;\"><span style=\"font-family: Times New Roman, serif;\"><span style=\"font-size: medium;\">Au-del\u00e0 de l&rsquo;existence d&rsquo;outils utilis\u00e9s dans l&rsquo;accompagnement des personnes en situation de handicap pour favoriser leur acc\u00e8s \u00e0 une pratique sexuelle, de quelque ordre qu&rsquo;elle soit, il convient de s&rsquo;interroger sur leur pertinence et leur utilit\u00e9. Les outils sont l&rsquo;angle d&rsquo;attaque principal de cet ouvrage issu de pratiques au sein d&rsquo;institutions, d&rsquo;associations sp\u00e9cialis\u00e9es. Ils sont abord\u00e9s sous deux ordres : &#8211; explicites, en lien direct avec une repr\u00e9sentation du sexe ou d&rsquo;un comportement (godemich\u00e9s, poup\u00e9es sexu\u00e9es, scripts comportementaux&#8230;) ; &#8211; implicites, en lien avec l&rsquo;imagination et\/ou un processus identificatoire (mod\u00e8le identitaire de proximit\u00e9, conte, po\u00e8me, tableau&#8230;). Chaque \u00e9crit : &#8211; pr\u00e9sente la population \u00e0 laquelle on s&rsquo;adresse (polyhandicap\u00e9s, handicap\u00e9s moteurs, autistes d\u00e9ficitaires, autistes autres, d\u00e9ficients intellectuels, les uns et les autres avec ou sans troubles du comportement&#8230; ; enfants, adolescents, adultes&#8230; ; filles, femmes, gar\u00e7ons, hommes&#8230;), et rep\u00e8re quels pourraient \u00eatre ses besoins, ses attentes et\/ou ses demandes ; &#8211; pr\u00e9cise la nature effective de l&rsquo;environnement de vie (\u00e9tablissement, inclusion&#8230;) et de ce qui en d\u00e9finit le cadre (projet d&rsquo;\u00e9tablissement, r\u00e8glement int\u00e9rieur, r\u00e9f\u00e9rence la loi et au droit commun&#8230;) ; &#8211; explicite les raisons qui pr\u00e9sident au choix de tels outils ou supports, avec une pr\u00e9sentation d\u00e9taill\u00e9e des uns et des autres ; &#8211; indique en quoi les outils ou supports choisis apportent quelque chose de singulier par rapport aux objectifs attendus ; &#8211; propose un bilan qui permet de valider ou d&rsquo;invalider le choix de ces outils ou d&rsquo;en relativiser l&rsquo;int\u00e9r\u00eat ; &#8211; imagine et sugg\u00e8re dm am\u00e9nagements ou des am\u00e9liorations possibles en expliquant ce qu&rsquo;ils pourraient apporter de plus. (Pr\u00e9sentation de l&rsquo;auteur)<\/span><\/span><\/span><\/p>\n<p style=\"margin-bottom: 0cm;\" align=\"JUSTIFY\"><span style=\"color: #333333;\"><span style=\"font-family: Times New Roman, serif;\"><span style=\"font-size: medium;\">VAGINAY D.<\/span><\/span><\/span><\/p>\n<p style=\"margin-bottom: 0cm;\" align=\"JUSTIFY\"><span style=\"color: #333333;\"><span style=\"font-family: Times New Roman, serif;\"><span style=\"font-size: medium;\">Chronique sociale<\/span><\/span><\/span><\/p>\n<p style=\"margin-bottom: 0cm;\" align=\"JUSTIFY\"><span style=\"color: #333333;\"><span style=\"font-family: Times New Roman, serif;\"><span style=\"font-size: medium;\">2019-295p.-15.90\u20ac<\/span><\/span><\/span><\/p>\n<p style=\"margin-bottom: 0cm;\" align=\"JUSTIFY\"><span style=\"color: #333333;\"><span style=\"font-family: Times New Roman, serif;\"><span style=\"font-size: medium;\">420r<\/span><\/span><\/span><\/p>\n<p style=\"margin-bottom: 0cm;\" align=\"JUSTIFY\"><span style=\"color: #333333;\"><span style=\"font-family: Times New Roman, serif;\"><span style=\"font-size: medium;\">ISBN\u00a0:<\/span><\/span><\/span> <span style=\"color: #333333;\"><span style=\"font-family: Times New Roman, serif;\"><span style=\"font-size: medium;\">978-2-36717-387-0<\/span><\/span><\/span><\/p>\n<p style=\"margin-bottom: 0cm;\" align=\"JUSTIFY\"><span style=\"color: #333333;\"><span style=\"font-family: Times New Roman, serif;\"><span style=\"font-size: medium;\">Cote doc\u00a0: 10-10-VAG-S<\/span><\/span><\/span><\/p>\n<span class=\"et_bloom_bottom_trigger\"><\/span>","protected":false},"excerpt":{"rendered":"<p><span style=\"color: #333333;\"><span style=\"font-family: Times New Roman, serif;\"><span style=\"font-size: medium;\">Au-del\u00e0 de l&rsquo;existence d&rsquo;outils utilis\u00e9s dans l&rsquo;accompagnement des personnes en situation de handicap pour favoriser leur acc\u00e8s \u00e0 une pratique sexuelle, de quelque ordre qu&rsquo;elle soit, il convient de s&rsquo;interroger sur leur pertinence et leur utilit\u00e9. <\/span><\/span><\/span><\/p>\n","protected":false},"featured_media":945,"comment_status":"open","ping_status":"closed","template":"","meta":{"_et_pb_use_builder":"","_et_pb_old_content":"","_et_gb_content_width":"","spay_email":""},"class_list":["post-946","product","type-product","status-publish","has-post-thumbnail","hentry","product_cat-livres","product_tag-accompagnement","product_tag-adolescent","product_tag-adulte","product_tag-autisme","product_tag-deficience-intellectuelle","product_tag-deficience-motrice","product_tag-outil","product_tag-personne-handicapee","product_tag-polyhandicap","product_tag-sexualite"],"jetpack_sharing_enabled":true,"jetpack_likes_enabled":true,"_links":{"self":[{"href":"https:\/\/www.parthages.be\/eboutique\/wp-json\/wp\/v2\/product\/946","targetHints":{"allow":["GET"]}}],"collection":[{"href":"https:\/\/www.parthages.be\/eboutique\/wp-json\/wp\/v2\/product"}],"about":[{"href":"https:\/\/www.parthages.be\/eboutique\/wp-json\/wp\/v2\/types\/product"}],"replies":[{"embeddable":true,"href":"https:\/\/www.parthages.be\/eboutique\/wp-json\/wp\/v2\/comments?post=946"}],"wp:featuredmedia":[{"embeddable":true,"href":"https:\/\/www.parthages.be\/eboutique\/wp-json\/wp\/v2\/media\/945"}],"wp:attachment":[{"href":"https:\/\/www.parthages.be\/eboutique\/wp-json\/wp\/v2\/media?parent=946"}],"curies":[{"name":"wp","href":"https:\/\/api.w.org\/{rel}","templated":true}]}}

<p style="margin-bottom: 0cm;" align="JUSTIFY"><span style="color: #333333;"><span style="font-family: Times New Roman, serif;"><span style="font-size: medium;">Au-delà de l&rsquo;existence d&rsquo;outils utilisés dans l&rsquo;accompagnement des personnes en situation de handicap pour favoriser leur accès à une pratique sexuelle, de quelque ordre qu&rsquo;elle soit, il convient de s&rsquo;interroger sur leur pertinence et leur utilité. Les outils sont l&rsquo;angle d&rsquo;attaque principal de cet ouvrage issu de pratiques au sein d&rsquo;institutions, d&rsquo;associations spécialisées. Ils sont abordés sous deux ordres : &#8211; explicites, en lien direct avec une représentation du sexe ou d&rsquo;un comportement (godemichés, poupées sexuées, scripts comportementaux&#8230;) ; &#8211; implicites, en lien avec l&rsquo;imagination et/ou un processus identificatoire (modèle identitaire de proximité, conte, poème, tableau&#8230;). Chaque écrit : &#8211; présente la population à laquelle on s&rsquo;adresse (polyhandicapés, handicapés moteurs, autistes déficitaires, autistes autres, déficients intellectuels, les uns et les autres avec ou sans troubles du comportement&#8230; ; enfants, adolescents, adultes&#8230; ; filles, femmes, garçons, hommes&#8230;), et repère quels pourraient être ses besoins, ses attentes et/ou ses demandes ; &#8211; précise la nature effective de l&rsquo;environnement de vie (établissement, inclusion&#8230;) et de ce qui en définit le cadre (projet d&rsquo;établissement, règlement intérieur, référence la loi et au droit commun&#8230;) ; &#8211; explicite les raisons qui président au choix de tels outils ou supports, avec une présentation détaillée des uns et des autres ; &#8211; indique en quoi les outils ou supports choisis apportent quelque chose de singulier par rapport aux objectifs attendus ; &#8211; propose un bilan qui permet de valider ou d&rsquo;invalider le choix de ces outils ou d&rsquo;en relativiser l&rsquo;intérêt ; &#8211; imagine et suggère dm aménagements ou des améliorations possibles en expliquant ce qu&rsquo;ils pourraient apporter de plus. (Présentation de l&rsquo;auteur)</span></span></span></p>
<p style="margin-bottom: 0cm;" align="JUSTIFY"><span style="color: #333333;"><span style="font-family: Times New Roman, serif;"><span style="font-size: medium;">VAGINAY D.</span></span></span></p>
<p style="margin-bottom: 0cm;" align="JUSTIFY"><span style="color: #333333;"><span style="font-family: Times New Roman, serif;"><span style="font-size: medium;">Chronique sociale</span></span></span></p>
<p style="margin-bottom: 0cm;" align="JUSTIFY"><span style="color: #333333;"><span style="font-family: Times New Roman, serif;"><span style="font-size: medium;">2019-295p.-15.90€</span></span></span></p>
<p style="margin-bottom: 0cm;" align="JUSTIFY"><span style="color: #333333;"><span style="font-family: Times New Roman, serif;"><span style="font-size: medium;">420r</span></span></span></p>
<p style="margin-bottom: 0cm;" align="JUSTIFY"><span style="color: #333333;"><span style="font-family: Times New Roman, serif;"><span style="font-size: medium;">ISBN :</span></span></span> <span style="color: #333333;"><span style="font-family: Times New Roman, serif;"><span style="font-size: medium;">978-2-36717-387-0</span></span></span></p>
<p style="margin-bottom: 0cm;" align="JUSTIFY"><span style="color: #333333;"><span style="font-family: Times New Roman, serif;"><span style="font-size: medium;">Cote doc : 10-10-VAG-S</span></span></span></p>
<span class="et_bloom_bottom_trigger"></span>

<p><span style="color: #333333;"><span style="font-family: Times New Roman, serif;"><span style="font-size: medium;">Au-delà de l&rsquo;existence d&rsquo;outils utilisés dans l&rsquo;accompagnement des personnes en situation de handicap pour favoriser leur accès à une pratique sexuelle, de quelque ordre qu&rsquo;elle soit, il convient de s&rsquo;interroger sur leur pertinence et leur utilité. </span></span></span></p>
