{"id":948,"date":"2020-01-16T12:24:35","date_gmt":"2020-01-16T11:24:35","guid":{"rendered":"https:\/\/www.parthages.be\/wordpress\/produit\/expression-theatrale-et-corporelle-adaptee-aux-enfants-differents\/"},"modified":"2022-03-23T17:19:01","modified_gmt":"2022-03-23T16:19:01","slug":"expression-theatrale-et-corporelle-adaptee-aux-enfants-differents","status":"publish","type":"product","link":"https:\/\/www.parthages.be\/eboutique\/produit\/expression-theatrale-et-corporelle-adaptee-aux-enfants-differents\/","title":{"rendered":"Expression th\u00e9\u00e2trale et corporelle adapt\u00e9e aux enfants diff\u00e9rents."},"content":{"rendered":"<p style=\"margin-bottom: 0cm;\" align=\"JUSTIFY\"><span style=\"font-family: Times New Roman, serif;\"><span style=\"font-size: medium;\"><strong>Stimuler, encourager et d\u00e9velopper les pr\u00e9requis \u00e0 l&rsquo;inclusion<\/strong><\/span><\/span><\/p>\n<p style=\"margin-bottom: 0cm;\" align=\"JUSTIFY\"><span style=\"color: #333333;\"><span style=\"font-family: Times New Roman, serif;\"><span style=\"font-size: medium;\">Expression th\u00e9\u00e2trale et corporelle adapt\u00e9e aux enfants diff\u00e9rents. Stimuler, encourager et d\u00e9velopper les pr\u00e9requis \u00e0 l&rsquo;inclusion. Cet ouvrage r\u00e9pertorie pr\u00e8s de 200 exercices pratiques d&rsquo;expression th\u00e9\u00e2trale et corporelle adapt\u00e9s aux jeunes en difficult\u00e9 d&rsquo;inclusion soit du fait de leur handicap (trisomie 21, syndrome X fragile, retard mental, d\u00e9ficiences sensorielles par exemple), soit du fait de leurs troubles li\u00e9s \u00e0 une sp\u00e9cificit\u00e9 de fonctionnement (autisme, pr\u00e9cocit\u00e9 intellectuelle, troubles de l&rsquo;attention et de l&rsquo;hyperactivit\u00e9, troubles dys, migrants, etc.) Les exercices sont regroup\u00e9s en trois parties : \u00e9chauffement, jeu et relaxation. Des pictos permettent d&rsquo;identifier instantan\u00e9ment les exercices praticables en individuel ou en groupe, ainsi que les exercices accessibles aux enfants non verbaux. L&rsquo;approche propos\u00e9e dans cet ouvrage est int\u00e9grative et repose sur des outils pouvant \u00eatre utilis\u00e9s et compl\u00e9t\u00e9s par d&rsquo;autres professionnels (orthophonistes, psychomotriciens, enseignants, psychologues, etc) mais aussi par les parents. L&rsquo;ouvrage comprend un chapitre m\u00e9thodologie et outils. Pour faciliter la mise en \u0153uvre des exercices. De fa\u00e7on g\u00e9n\u00e9rale, les exercices propos\u00e9s visent l&rsquo;am\u00e9lioration des comp\u00e9tences relationnelles et communicationnelles, la conscientisation du sch\u00e9ma corporel, la confiance en soi, la r\u00e9gulation des \u00e9motions, la cr\u00e9ativit\u00e9 et l&rsquo;adaptabilit\u00e9. (Pr\u00e9sentation de l&rsquo;\u00e9diteur)<\/span><\/span><\/span><\/p>\n<p style=\"margin-bottom: 0cm;\" align=\"JUSTIFY\"><span style=\"color: #333333;\"><span style=\"font-family: Times New Roman, serif;\"><span style=\"font-size: medium;\">DESCROIX V.<\/span><\/span><\/span><\/p>\n<p style=\"margin-bottom: 0cm;\" align=\"JUSTIFY\"><span style=\"color: #333333;\"><span style=\"font-family: Times New Roman, serif;\"><span style=\"font-size: medium;\">Chronique sociale<\/span><\/span><\/span><\/p>\n<p style=\"margin-bottom: 0cm;\" align=\"JUSTIFY\"><span style=\"color: #333333;\"><span style=\"font-family: Times New Roman, serif;\"><span style=\"font-size: medium;\">2019-155p.- 17,90\u20ac<\/span><\/span><\/span><\/p>\n<p style=\"margin-bottom: 0cm;\" align=\"JUSTIFY\"><span style=\"color: #333333;\"><span style=\"font-family: Times New Roman, serif;\"><span style=\"font-size: medium;\">227gr<\/span><\/span><\/span><\/p>\n<p style=\"margin-bottom: 0cm;\" align=\"JUSTIFY\"><span style=\"color: #333333;\"><span style=\"font-family: Times New Roman, serif;\"><span style=\"font-size: medium;\">ISBN\u00a0:<\/span><\/span><\/span> <span style=\"color: #333333;\"><span style=\"font-family: Times New Roman, serif;\"><span style=\"font-size: medium;\">978-2-36717-626-0<\/span><\/span><\/span><\/p>\n<p style=\"margin-bottom: 0cm;\" align=\"JUSTIFY\"><span style=\"color: #333333;\"><span style=\"font-family: Times New Roman, serif;\"><span style=\"font-size: medium;\">Cote doc\u00a0: 10-10-DES-E<\/span><\/span><\/span><\/p>\n<span class=\"et_bloom_bottom_trigger\"><\/span>","protected":false},"excerpt":{"rendered":"<p><span style=\"color: #333333;\"><span style=\"font-family: Times New Roman, serif;\"><span style=\"font-size: medium;\">Expression th\u00e9\u00e2trale et corporelle adapt\u00e9e aux enfants diff\u00e9rents. Stimuler, encourager et d\u00e9velopper les pr\u00e9requis \u00e0 l&rsquo;inclusion. <\/span><\/span><\/span><\/p>\n","protected":false},"featured_media":947,"comment_status":"open","ping_status":"closed","template":"","meta":{"_et_pb_use_builder":"","_et_pb_old_content":"","_et_gb_content_width":"","spay_email":""},"class_list":["post-948","product","type-product","status-publish","has-post-thumbnail","hentry","product_cat-livres","product_tag-adolescent","product_tag-aphasie","product_tag-apprentissage","product_tag-dyslexie","product_tag-enfant","product_tag-expression-corporelle","product_tag-inclusion","product_tag-methodologie","product_tag-outil","product_tag-personne-handicapee","product_tag-relaxation"],"jetpack_sharing_enabled":true,"jetpack_likes_enabled":true,"_links":{"self":[{"href":"https:\/\/www.parthages.be\/eboutique\/wp-json\/wp\/v2\/product\/948","targetHints":{"allow":["GET"]}}],"collection":[{"href":"https:\/\/www.parthages.be\/eboutique\/wp-json\/wp\/v2\/product"}],"about":[{"href":"https:\/\/www.parthages.be\/eboutique\/wp-json\/wp\/v2\/types\/product"}],"replies":[{"embeddable":true,"href":"https:\/\/www.parthages.be\/eboutique\/wp-json\/wp\/v2\/comments?post=948"}],"wp:featuredmedia":[{"embeddable":true,"href":"https:\/\/www.parthages.be\/eboutique\/wp-json\/wp\/v2\/media\/947"}],"wp:attachment":[{"href":"https:\/\/www.parthages.be\/eboutique\/wp-json\/wp\/v2\/media?parent=948"}],"curies":[{"name":"wp","href":"https:\/\/api.w.org\/{rel}","templated":true}]}}

Expression théâtrale et corporelle adaptée aux enfants différents.

<p style="margin-bottom: 0cm;" align="JUSTIFY"><span style="font-family: Times New Roman, serif;"><span style="font-size: medium;"><strong>Stimuler, encourager et développer les prérequis à l&rsquo;inclusion</strong></span></span></p>
<p style="margin-bottom: 0cm;" align="JUSTIFY"><span style="color: #333333;"><span style="font-family: Times New Roman, serif;"><span style="font-size: medium;">Expression théâtrale et corporelle adaptée aux enfants différents. Stimuler, encourager et développer les prérequis à l&rsquo;inclusion. Cet ouvrage répertorie près de 200 exercices pratiques d&rsquo;expression théâtrale et corporelle adaptés aux jeunes en difficulté d&rsquo;inclusion soit du fait de leur handicap (trisomie 21, syndrome X fragile, retard mental, déficiences sensorielles par exemple), soit du fait de leurs troubles liés à une spécificité de fonctionnement (autisme, précocité intellectuelle, troubles de l&rsquo;attention et de l&rsquo;hyperactivité, troubles dys, migrants, etc.) Les exercices sont regroupés en trois parties : échauffement, jeu et relaxation. Des pictos permettent d&rsquo;identifier instantanément les exercices praticables en individuel ou en groupe, ainsi que les exercices accessibles aux enfants non verbaux. L&rsquo;approche proposée dans cet ouvrage est intégrative et repose sur des outils pouvant être utilisés et complétés par d&rsquo;autres professionnels (orthophonistes, psychomotriciens, enseignants, psychologues, etc) mais aussi par les parents. L&rsquo;ouvrage comprend un chapitre méthodologie et outils. Pour faciliter la mise en œuvre des exercices. De façon générale, les exercices proposés visent l&rsquo;amélioration des compétences relationnelles et communicationnelles, la conscientisation du schéma corporel, la confiance en soi, la régulation des émotions, la créativité et l&rsquo;adaptabilité. (Présentation de l&rsquo;éditeur)</span></span></span></p>
<p style="margin-bottom: 0cm;" align="JUSTIFY"><span style="color: #333333;"><span style="font-family: Times New Roman, serif;"><span style="font-size: medium;">DESCROIX V.</span></span></span></p>
<p style="margin-bottom: 0cm;" align="JUSTIFY"><span style="color: #333333;"><span style="font-family: Times New Roman, serif;"><span style="font-size: medium;">Chronique sociale</span></span></span></p>
<p style="margin-bottom: 0cm;" align="JUSTIFY"><span style="color: #333333;"><span style="font-family: Times New Roman, serif;"><span style="font-size: medium;">2019-155p.- 17,90€</span></span></span></p>
<p style="margin-bottom: 0cm;" align="JUSTIFY"><span style="color: #333333;"><span style="font-family: Times New Roman, serif;"><span style="font-size: medium;">227gr</span></span></span></p>
<p style="margin-bottom: 0cm;" align="JUSTIFY"><span style="color: #333333;"><span style="font-family: Times New Roman, serif;"><span style="font-size: medium;">ISBN :</span></span></span> <span style="color: #333333;"><span style="font-family: Times New Roman, serif;"><span style="font-size: medium;">978-2-36717-626-0</span></span></span></p>
<p style="margin-bottom: 0cm;" align="JUSTIFY"><span style="color: #333333;"><span style="font-family: Times New Roman, serif;"><span style="font-size: medium;">Cote doc : 10-10-DES-E</span></span></span></p>
<span class="et_bloom_bottom_trigger"></span>

<p><span style="color: #333333;"><span style="font-family: Times New Roman, serif;"><span style="font-size: medium;">Expression théâtrale et corporelle adaptée aux enfants différents. Stimuler, encourager et développer les prérequis à l&rsquo;inclusion. </span></span></span></p>
