{"id":951,"date":"2020-09-24T07:39:57","date_gmt":"2020-09-24T05:39:57","guid":{"rendered":"https:\/\/www.parthages.be\/wordpress\/produit\/nos-coeurs-tordus\/"},"modified":"2022-10-25T23:29:32","modified_gmt":"2022-10-25T21:29:32","slug":"nos-coeurs-tordus","status":"publish","type":"product","link":"https:\/\/www.parthages.be\/eboutique\/produit\/nos-coeurs-tordus\/","title":{"rendered":"Nos coeurs tordus"},"content":{"rendered":"<p>\u00a0\u00bb Lou pose sa t\u00eate sur le mur. Lou range une m\u00e8che de cheveux derri\u00e8re son oreille. Lou se ronge un peu les ongles. Lou sourit et c&rsquo;est d\u00e9j\u00e0 pas mal.<\/p>\n<p>-Tu lui as dit quoi, \u00e0 Flachard ?<\/p>\n<p>-Je lui ai dit qu&rsquo;il y a mille raisons d&rsquo;aimer ou de respecter les handicap\u00e9s, mais s\u00fbrement pas parce qu&rsquo;ils le sont.<\/p>\n<p>Lou me regarde et comprend que le handicap, c&rsquo;est mon domaine. Elle regarde Monique. C&rsquo;est ma canne des bons jours, la jaune fluo \u00e0 rayures.<\/p>\n<p>Lou me dit, comme pour \u00e9viter le grand silence g\u00ean\u00e9 :<\/p>\n<p>-J&rsquo;aime bien ta canne, c&rsquo;est un peu la classe. \u00a0\u00bb Vladimir, dit Vlad, a les genoux qui se cognent et les mouvements d\u00e9sordonn\u00e9s d&rsquo;un pantin d\u00e9sarticul\u00e9&#8230; Handicap\u00e9 de naissance, il est passionn\u00e9 de cin\u00e9ma, dr\u00f4le, sensible, g\u00e9n\u00e9reux et n&rsquo;a pas la langue dans sa poche.<\/p>\n<p>Lou est s\u00e9duite&#8230; et Vlad tombe amoureux. Mais Lou sort avec Morgan&#8230; (Pr\u00e9sentation de l&rsquo;\u00e9diteur)<\/p>\n<p>VIDAL S.- CAUSSE M.<\/p>\n<p>Editions Bayard jeunesse<\/p>\n<p>2017- 32p.-15\u20ac<\/p>\n<p>225gr<\/p>\n<p>ISBN\u00a0: 978-2-74706862-8<\/p>\n<p>Cote doc\u00a0:11-VID-N<\/p>\n<span class=\"et_bloom_bottom_trigger\"><\/span>","protected":false},"excerpt":{"rendered":"<p>\u00a0\u00bb Lou pose sa t\u00eate sur le mur. Lou range une m\u00e8che de cheveux derri\u00e8re son oreille. Lou se ronge un peu les ongles. Lou sourit et c&rsquo;est d\u00e9j\u00e0 pas mal.<\/p>\n","protected":false},"featured_media":1057,"comment_status":"open","ping_status":"closed","template":"","meta":{"_et_pb_use_builder":"","_et_pb_old_content":"","_et_gb_content_width":"","spay_email":""},"class_list":["post-951","product","type-product","status-publish","has-post-thumbnail","hentry","product_cat-livres","product_cat-livres-jeunesse","product_tag-acceptation","product_tag-adolescence","product_tag-amitie","product_tag-amour","product_tag-difference","product_tag-handicap-physique","product_tag-humour","product_tag-inclusion","product_tag-personne-handicapee","product_tag-scolarite","product_tag-tolerance"],"jetpack_sharing_enabled":true,"jetpack_likes_enabled":true,"_links":{"self":[{"href":"https:\/\/www.parthages.be\/eboutique\/wp-json\/wp\/v2\/product\/951","targetHints":{"allow":["GET"]}}],"collection":[{"href":"https:\/\/www.parthages.be\/eboutique\/wp-json\/wp\/v2\/product"}],"about":[{"href":"https:\/\/www.parthages.be\/eboutique\/wp-json\/wp\/v2\/types\/product"}],"replies":[{"embeddable":true,"href":"https:\/\/www.parthages.be\/eboutique\/wp-json\/wp\/v2\/comments?post=951"}],"wp:featuredmedia":[{"embeddable":true,"href":"https:\/\/www.parthages.be\/eboutique\/wp-json\/wp\/v2\/media\/1057"}],"wp:attachment":[{"href":"https:\/\/www.parthages.be\/eboutique\/wp-json\/wp\/v2\/media?parent=951"}],"curies":[{"name":"wp","href":"https:\/\/api.w.org\/{rel}","templated":true}]}}