{"id":955,"date":"2020-09-24T08:15:22","date_gmt":"2020-09-24T06:15:22","guid":{"rendered":"https:\/\/www.parthages.be\/wordpress\/produit\/les-sessad-autisme\/"},"modified":"2022-06-07T09:23:23","modified_gmt":"2022-06-07T07:23:23","slug":"les-sessad-autisme","status":"publish","type":"product","link":"https:\/\/www.parthages.be\/eboutique\/produit\/les-sessad-autisme\/","title":{"rendered":"Les SESSAD \u00ab\u00a0autisme\u00a0\u00bb"},"content":{"rendered":"<p>Les auteurs dressent un \u00ab \u00e9tat des lieux \u00bb de l\u2019existence et du fonctionnement des SESSAD \u00ab AUTISME \u00bb en France. Ces services participent \u00e0 l\u2019accompagnement des enfants et adolescents atteints d\u2019autisme et TSA accueillis en ULIS \u00ab AUTISME \u00bb ainsi qu\u2019\u00e0 l\u2019accompagnement de leurs familles. Les SESSAD \u00ab AUTISME \u00bb participent aussi \u00e0 leur accompagnement en inclusion scolaire, sociale et \u00e0 domicile. Cet ouvrage est une approche du comportement de la personne atteinte d\u2019autisme ainsi que de l\u2019accompagnement sp\u00e9cifique qu\u2019elle est en droit d\u2019attendre et que peut lui apporter un service ambulatoire. La premi\u00e8re version de ce livre datait de 2009, il \u00e9tait temps de l\u2019actualiser. Ce livre s\u2019adresse aux familles, aux diff\u00e9rents professionnels s\u2019occupant de personnes avec autisme ou TSA, aux responsables administratifs qui dans leurs diff\u00e9rents niveaux de d\u00e9cision pourront prendre des d\u00e9cisions les mieux adapt\u00e9es aux besoins de cette population mais aussi \u00e0 toutes les personnes int\u00e9ress\u00e9es par le suivi et l\u2019accompagnement des individus atteints d\u2019autisme. (Pr\u00e9sentation de l&rsquo;\u00e9diteur)<\/p>\n<p>TREESE-DAQUIN C.- RAMOS.O<\/p>\n<p>Autisme diffusion<\/p>\n<p>2020-224p-340gr<\/p>\n<p>ISBN978-2-917150-68-9<\/p>\n<p>Cote doc : 1-70-TRE-S1<\/p>\n<span class=\"et_bloom_bottom_trigger\"><\/span>","protected":false},"excerpt":{"rendered":"<p>Les auteurs dressent un \u00ab \u00e9tat des lieux \u00bb de l\u2019existence et du fonctionnement des SESSAD \u00ab AUTISME \u00bb en France.<\/p>\n","protected":false},"featured_media":1059,"comment_status":"open","ping_status":"closed","template":"","meta":{"_et_pb_use_builder":"off","_et_pb_old_content":"Les auteurs dressent un \u00ab \u00e9tat des lieux \u00bb de l\u2019existence et du fonctionnement des SESSAD \u00ab AUTISME \u00bb en France. Ces services participent \u00e0 l\u2019accompagnement des enfants et adolescents atteints d\u2019autisme et TSA accueillis en ULIS \u00ab AUTISME \u00bb ainsi qu\u2019\u00e0 l\u2019accompagnement de leurs familles. Les SESSAD \u00ab AUTISME \u00bb participent aussi \u00e0 leur accompagnement en inclusion scolaire, sociale et \u00e0 domicile.\r\n\r\nCet ouvrage est une approche du comportement de la personne atteinte d\u2019autisme ainsi que de l\u2019accompagnement sp\u00e9cifique qu\u2019elle est en droit d\u2019attendre et que peut lui apporter un service ambulatoire.\r\n\r\nLa premi\u00e8re version de ce livre datait de 2009, il \u00e9tait temps de l\u2019actualiser.\r\n\r\nCe livre s\u2019adresse aux familles, aux diff\u00e9rents professionnels s\u2019occupant de personnes avec autisme ou TSA, aux responsables administratifs qui dans leurs diff\u00e9rents niveaux de d\u00e9cision pourront prendre des d\u00e9cisions les mieux adapt\u00e9es aux besoins de cette population mais aussi \u00e0 toutes les personnes int\u00e9ress\u00e9es par le suivi et l\u2019accompagnement des individus atteints d\u2019autisme.\r\n\r\n(Pr\u00e9sentation de l'\u00e9diteur)\r\n\r\nTREESE-DAQUIN C.- RAMOS.O\r\n\r\nAutisme diffusion\r\n\r\n2020-224p-19\u20ac\r\n\r\n340gr\r\n\r\nISBN978-2-917150-68-9\r\nCote doc\u00a0:\u00a01-70-TRE-S","_et_gb_content_width":"","spay_email":""},"class_list":["post-955","product","type-product","status-publish","has-post-thumbnail","hentry","product_cat-livres","product_tag-accessibilite","product_tag-accompagnement","product_tag-autisme","product_tag-inclusion","product_tag-scolarite","product_tag-sociabilite"],"jetpack_sharing_enabled":true,"jetpack_likes_enabled":true,"_links":{"self":[{"href":"https:\/\/www.parthages.be\/eboutique\/wp-json\/wp\/v2\/product\/955","targetHints":{"allow":["GET"]}}],"collection":[{"href":"https:\/\/www.parthages.be\/eboutique\/wp-json\/wp\/v2\/product"}],"about":[{"href":"https:\/\/www.parthages.be\/eboutique\/wp-json\/wp\/v2\/types\/product"}],"replies":[{"embeddable":true,"href":"https:\/\/www.parthages.be\/eboutique\/wp-json\/wp\/v2\/comments?post=955"}],"wp:featuredmedia":[{"embeddable":true,"href":"https:\/\/www.parthages.be\/eboutique\/wp-json\/wp\/v2\/media\/1059"}],"wp:attachment":[{"href":"https:\/\/www.parthages.be\/eboutique\/wp-json\/wp\/v2\/media?parent=955"}],"curies":[{"name":"wp","href":"https:\/\/api.w.org\/{rel}","templated":true}]}}

<p>Les auteurs dressent un « état des lieux » de l’existence et du fonctionnement des SESSAD « AUTISME » en France. Ces services participent à l’accompagnement des enfants et adolescents atteints d’autisme et TSA accueillis en ULIS « AUTISME » ainsi qu’à l’accompagnement de leurs familles. Les SESSAD « AUTISME » participent aussi à leur accompagnement en inclusion scolaire, sociale et à domicile. Cet ouvrage est une approche du comportement de la personne atteinte d’autisme ainsi que de l’accompagnement spécifique qu’elle est en droit d’attendre et que peut lui apporter un service ambulatoire. La première version de ce livre datait de 2009, il était temps de l’actualiser. Ce livre s’adresse aux familles, aux différents professionnels s’occupant de personnes avec autisme ou TSA, aux responsables administratifs qui dans leurs différents niveaux de décision pourront prendre des décisions les mieux adaptées aux besoins de cette population mais aussi à toutes les personnes intéressées par le suivi et l’accompagnement des individus atteints d’autisme. (Présentation de l&rsquo;éditeur)</p>
<p>TREESE-DAQUIN C.- RAMOS.O</p>
<p>Autisme diffusion</p>
<p>2020-224p-340gr</p>
<p>ISBN978-2-917150-68-9</p>
<p>Cote doc : 1-70-TRE-S1</p>
<span class="et_bloom_bottom_trigger"></span>

<p>Les auteurs dressent un « état des lieux » de l’existence et du fonctionnement des SESSAD « AUTISME » en France.</p>

Les auteurs dressent un « état des lieux » de l’existence et du fonctionnement des SESSAD « AUTISME » en France. Ces services participent à l’accompagnement des enfants et adolescents atteints d’autisme et TSA accueillis en ULIS « AUTISME » ainsi qu’à l’accompagnement de leurs familles. Les SESSAD « AUTISME » participent aussi à leur accompagnement en inclusion scolaire, sociale et à domicile.

Cet ouvrage est une approche du comportement de la personne atteinte d’autisme ainsi que de l’accompagnement spécifique qu’elle est en droit d’attendre et que peut lui apporter un service ambulatoire.

La première version de ce livre datait de 2009, il était temps de l’actualiser.

Ce livre s’adresse aux familles, aux différents professionnels s’occupant de personnes avec autisme ou TSA, aux responsables administratifs qui dans leurs différents niveaux de décision pourront prendre des décisions les mieux adaptées aux besoins de cette population mais aussi à toutes les personnes intéressées par le suivi et l’accompagnement des individus atteints d’autisme.

(Présentation de l'éditeur)

TREESE-DAQUIN C.- RAMOS.O

Autisme diffusion

2020-224p-19€

340gr

ISBN978-2-917150-68-9
Cote doc : 1-70-TRE-S
