{"id":98,"date":"2012-09-24T11:37:53","date_gmt":"2012-09-24T09:37:53","guid":{"rendered":"https:\/\/www.parthages.be\/wordpress\/produit\/manager-son-equipe-au-quotidien-70-micro-outils-pour-reussir\/"},"modified":"2021-08-09T09:53:50","modified_gmt":"2021-08-09T07:53:50","slug":"manager-son-equipe-au-quotidien-70-micro-outils-pour-reussir","status":"publish","type":"product","link":"https:\/\/www.parthages.be\/eboutique\/produit\/manager-son-equipe-au-quotidien-70-micro-outils-pour-reussir\/","title":{"rendered":"Manager son \u00e9quipe au quotidien : 70 micro-outils pour r\u00e9ussir"},"content":{"rendered":"<p>Un guide op\u00e9rationnel pour savoir agir et r\u00e9agir, efficacement et positivement, dans les multiples missions de votre quotidien :<\/p>\n<p>D\u00e9l\u00e9guer, n\u00e9gocier, orchestrer, \u00e9couter, comprendre, motiver&#8230;, mais aussi rappeler \u00e0 l&rsquo;ordre, formuler des exigences et des injonctions, contr\u00f4ler et faire refaire, refuser un avantage ou une lib\u00e9ralit\u00e9, voire notifier et appliquer une sanction&#8230; sont autant de t\u00e2ches que votre r\u00f4le de manager vous demande de conjuguer, de fa\u00e7on construite et assum\u00e9e, dans votre r\u00e9alit\u00e9 quotidienne. Et parce qu&rsquo;elles peuvent s&rsquo;av\u00e9rer \u00ab\u00a0sensibles\u00a0\u00bb pour la bonne marche de votre \u00e9quipe et de l&rsquo;entreprise, certaines situations vont en plus requ\u00e9rir de votre part une attention et une \u00e9nergie accrue, suffisamment de recul et un savoir-faire affirm\u00e9 pour \u00e9viter conflits et tensions.<\/p>\n<p>Pour r\u00e9ussir \u00e0 animer, coordonner et motiver vos \u00ab\u00a0troupes\u00a0\u00bb, voici comment :<\/p>\n<p>D\u00e9finir les orientations et les rep\u00e8res pour mieux communiquer et agir.<\/p>\n<p>Aborder sereinement les situations conflictuelles pour les g\u00e9rer efficacement et, m\u00eame mieux, les pr\u00e9venir.<\/p>\n<p>Mettre en \u0153uvre une strat\u00e9gie humaine gr\u00e2ce \u00e0 des micro-outils de management adapt\u00e9s \u00e0 la gestion des personnes, des groupes et des situations.<\/p>\n<p>Ainsi pr\u00e9par\u00e9, vous saurez d\u00e9sormais agir et r\u00e9agir, efficacement et positivement, dans les multiples missions de votre quotidien.<\/p>\n<p>(Pr\u00e9sentation de l\u2019\u00e9diteur)<\/p>\n<p>LEMONNIER\u00a0 J<\/p>\n<p>Vuibert<\/p>\n<p>2011-240p.<\/p>\n<p>ISBN\u00a0: 978-2-7117-6459-4<\/p>\n<p>Cote doc\u00a0: 8-20-LEM-M1<\/p>\n<p><strong><em>Uniquement \u00e0 la location<\/em><\/strong><\/p>\n<span class=\"et_bloom_bottom_trigger\"><\/span>","protected":false},"excerpt":{"rendered":"<p>Un guide op\u00e9rationnel pour savoir agir et r\u00e9agir, efficacement et positivement, dans les multiples missions de votre quotidien<\/p>\n","protected":false},"featured_media":1488,"comment_status":"open","ping_status":"closed","template":"","meta":{"_et_pb_use_builder":"","_et_pb_old_content":"","_et_gb_content_width":"","spay_email":""},"class_list":["post-98","product","type-product","status-publish","has-post-thumbnail","hentry","product_cat-livres","product_tag-communication","product_tag-gestion","product_tag-management","product_tag-methode-pedagogique","product_tag-outil"],"jetpack_sharing_enabled":true,"jetpack_likes_enabled":true,"_links":{"self":[{"href":"https:\/\/www.parthages.be\/eboutique\/wp-json\/wp\/v2\/product\/98","targetHints":{"allow":["GET"]}}],"collection":[{"href":"https:\/\/www.parthages.be\/eboutique\/wp-json\/wp\/v2\/product"}],"about":[{"href":"https:\/\/www.parthages.be\/eboutique\/wp-json\/wp\/v2\/types\/product"}],"replies":[{"embeddable":true,"href":"https:\/\/www.parthages.be\/eboutique\/wp-json\/wp\/v2\/comments?post=98"}],"wp:featuredmedia":[{"embeddable":true,"href":"https:\/\/www.parthages.be\/eboutique\/wp-json\/wp\/v2\/media\/1488"}],"wp:attachment":[{"href":"https:\/\/www.parthages.be\/eboutique\/wp-json\/wp\/v2\/media?parent=98"}],"curies":[{"name":"wp","href":"https:\/\/api.w.org\/{rel}","templated":true}]}}